{"id":1130,"date":"2025-12-26T09:29:51","date_gmt":"2025-12-26T09:29:51","guid":{"rendered":"https:\/\/new88home.com\/index.php\/huong-dan-new88\/"},"modified":"2025-12-26T09:29:51","modified_gmt":"2025-12-26T09:29:51","slug":"huong-dan-new88","status":"publish","type":"page","link":"https:\/\/new88home.com\/index.php\/huong-dan-new88\/","title":{"rendered":"H\u01b0\u1edbng d\u1eabn New88 &#8211; Chia s\u1ebb c\u00e1c ki\u1ebfn th\u1ee9c ng\u01b0\u1eddi ch\u01a1i quan t\u00e2m"},"content":{"rendered":"<p><a href=\"https:\/\/new88home.com\/\/huong-dan-new88\/\" target=\"_blank\" rel=\"noopener\"><b>H\u01b0\u1edbng d\u1eabn <\/b><\/a><span style=\"font-weight: 400;\">\u00a0l\u00e0 danh m\u1ee5c chia s\u1ebb c\u00e1c ki\u1ebfn th\u1ee9c ng\u01b0\u1eddi ch\u01a1i quan t\u00e2m. B\u1edfi \u0111\u00e2y l\u00e0 m\u1ed9t n\u1ec1n t\u1ea3ng gi\u1ea3i tr\u00ed tr\u1ef1c tuy\u1ebfn, cung c\u1ea5p m\u1ed9t lo\u1ea1t c\u00e1c tr\u00f2 ch\u01a1i v\u00e0 d\u1ecbch v\u1ee5 h\u1ed7 tr\u1ee3 ng\u01b0\u1eddi ch\u01a1i. \u0110\u1ec3 gi\u00fap ng\u01b0\u1eddi ch\u01a1i c\u00f3 tr\u1ea3i nghi\u1ec7m t\u1ed1t nh\u1ea5t, s\u00e2n ch\u01a1i cung c\u1ea5p c\u00e1c <strong>h\u01b0\u1edbng d\u1eabn<\/strong> chi ti\u1ebft v\u1ec1 c\u00e1ch s\u1eed d\u1ee5ng n\u1ec1n t\u1ea3ng, t\u1eeb \u0111\u0103ng k\u00fd t\u00e0i kho\u1ea3n <a href=\"https:\/\/new88home.com\/\/\" target=\"_blank\" rel=\"noopener\"><strong>new88<\/strong><\/a> \u0111\u1ebfn th\u1ef1c hi\u1ec7n c\u00e1c giao d\u1ecbch t\u00e0i ch\u00ednh.<\/span><\/p>\n<h2><span class=\"ez-toc-section\" id=\"huong-dan-new88-lien-quan-den-tai-app\"><\/span><b>H\u01b0\u1edbng d\u1eabn New88 li\u00ean quan \u0111\u1ebfn t\u1ea3i app<\/b><span class=\"ez-toc-section-end\"><\/span><\/h2>\n<p><span style=\"font-weight: 400;\">\u0110\u1ec3 \u0111\u00e1p \u1ee9ng nhu c\u1ea7u tr\u1ea3i nghi\u1ec7m game m\u1ecdi l\u00fac m\u1ecdi n\u01a1i, New88 \u0111\u00e3 ph\u00e1t tri\u1ec3n \u1ee9ng d\u1ee5ng di \u0111\u1ed9ng cho c\u1ea3 h\u1ec7 \u0111i\u1ec1u h\u00e0nh iOS v\u00e0 Android. \u1ee8ng d\u1ee5ng New88 \u0111\u01b0\u1ee3c thi\u1ebft k\u1ebf v\u1edbi giao di\u1ec7n th\u00e2n thi\u1ec7n, d\u1ec5 s\u1eed d\u1ee5ng v\u00e0 cung c\u1ea5p \u0111\u1ea7y \u0111\u1ee7 c\u00e1c t\u00ednh n\u0103ng nh\u01b0 tr\u00ean website, cho ph\u00e9p ng\u01b0\u1eddi ch\u01a1i tham gia c\u00e1 c\u01b0\u1ee3c, xem tr\u1ef1c ti\u1ebfp c\u00e1c tr\u1eadn \u0111\u1ea5u v\u00e0 th\u1ef1c hi\u1ec7n giao d\u1ecbch t\u00e0i ch\u00ednh m\u1ed9t c\u00e1ch nhanh ch\u00f3ng v\u00e0 an to\u00e0n.\u00a0<\/span><\/p>\n<p><span style=\"font-weight: 400;\">Quy tr\u00ecnh t\u1ea3i v\u00e0 c\u00e0i \u0111\u1eb7t \u1ee9ng d\u1ee5ng New88 c\u0169ng v\u00f4 c\u00f9ng \u0111\u01a1n gi\u1ea3n v\u00e0 nhanh ch\u00f3ng. B\u1ea1n c\u00f3 th\u1ec3 \u0111i\u1ec3m qua <\/span><b>h\u01b0\u1edbng d\u1eabn <\/b>New88<span style=\"font-weight: 400;\">\u00a0 d\u01b0\u1edbi \u0111\u00e2y \u0111\u1ec3 \u0111\u01b0\u1ee3c h\u1ed7 tr\u1ee3:<\/span><\/p>\n<ul>\n<li style=\"font-weight: 400;\" aria-level=\"1\"><span style=\"font-weight: 400;\">B\u01b0\u1edbc 1: \u0110\u1ea7u ti\u00ean b\u1ea1n c\u1ea7n truy c\u1eadp v\u00e0o trang web ch\u00ednh th\u1ee9c ho\u1eb7c kho \u1ee9ng d\u1ee5ng ph\u00f9 h\u1ee3p \u0111\u1ec3 t\u1ea3i xu\u1ed1ng thi\u1ebft l\u1eadp \u200b ph\u00f9 h\u1ee3p v\u1edbi thi\u1ebft b\u1ecb c\u1ee7a b\u1ea1n.<\/span><\/li>\n<li style=\"font-weight: 400;\" aria-level=\"1\"><span style=\"font-weight: 400;\">B\u01b0\u1edbc 2: B\u1ea1n c\u1ea7n m\u1edf t\u1ec7p \u0111\u00e3 t\u1ea3i xu\u1ed1ng v\u00e0 th\u1ef1c hi\u1ec7n <strong>h\u01b0\u1edbng d\u1eabn<\/strong> tr\u00ean m\u00e0n h\u00ecnh \u0111\u1ec3 b\u1eaft \u0111\u1ea7u qu\u00e1 tr\u00ecnh c\u00e0i \u0111\u1eb7t, c\u1ea7n c\u00f3 quy\u1ec1n truy c\u1eadp c\u1ea5p b\u1ea3o m\u1eadt n\u1ebfu \u0111\u01b0\u1ee3c y\u00eau c\u1ea7u.\u00a0<\/span><\/li>\n<li style=\"font-weight: 400;\" aria-level=\"1\"><span style=\"font-weight: 400;\">B\u01b0\u1edbc 3: Sau khi c\u00e0i \u0111\u1eb7t ho\u00e0n t\u1ea5t, h\u00e3y m\u1edf \u1ee9ng d\u1ee5ng v\u00e0 \u0111\u0103ng nh\u1eadp ho\u1eb7c \u0111\u0103ng k\u00fd m\u1edbi t\u00e0i kho\u1ea3n \u0111\u1ec3 b\u1eaft \u0111\u1ea7u tr\u1ea3i nghi\u1ec7m c\u00e1c d\u1ecbch v\u1ee5 c\u1ee7a New88 m\u1ed9t c\u00e1ch d\u1ec5 d\u00e0ng v\u00e0 nhanh ch\u00f3ng.<\/span><\/li>\n<\/ul>\n<figure id=\"attachment_976\" aria-describedby=\"caption-attachment-976\" style=\"width: 1024px\" class=\"wp-caption aligncenter\"><img loading=\"lazy\" decoding=\"async\" class=\"wp-image-976\" title=\"H\u01b0\u1edbng d\u1eabn New88 li\u00ean quan \u0111\u1ebfn t\u1ea3i app \u0111\u01a1n gi\u1ea3n\" src=\"http:\/\/new88home.com\/wp-content\/uploads\/2025\/12\/huong-dan-new88-lien-quan-den-tai-app-don-gian.webp\" alt=\"H\u01b0\u1edbng d\u1eabn New88 li\u00ean quan \u0111\u1ebfn t\u1ea3i app \u0111\u01a1n gi\u1ea3n\" width=\"1024\" height=\"512\"><figcaption id=\"caption-attachment-976\" class=\"wp-caption-text\">H\u01b0\u1edbng d\u1eabn New88 li\u00ean quan \u0111\u1ebfn t\u1ea3i app \u0111\u01a1n gi\u1ea3n<\/figcaption><\/figure>\n<h2><span class=\"ez-toc-section\" id=\"huong-dan-dang-ky-tai-khoan-new88\"><\/span><b>H\u01b0\u1edbng d\u1eabn \u0111\u0103ng k\u00fd t\u00e0i kho\u1ea3n New88<\/b><span class=\"ez-toc-section-end\"><\/span><\/h2>\n<p><b>H\u01b0\u1edbng d\u1eabn <\/b>New88 <span style=\"font-weight: 400;\">v\u1ec1 qu\u00e1 tr\u00ecnh \u0111\u0103ng k\u00fd t\u00e0i kho\u1ea3n r\u1ea5t \u0111\u01a1n gi\u1ea3n v\u00e0 nhanh ch\u00f3ng. Ng\u01b0\u1eddi ch\u01a1i ch\u1ec9 c\u1ea7n truy c\u1eadp trang ch\u1ee7 c\u1ee7a New88 v\u00e0 l\u00e0m theo c\u00e1c b\u01b0\u1edbc sau:<\/span><\/p>\n<ul>\n<li style=\"font-weight: 400;\" aria-level=\"1\"><span style=\"font-weight: 400;\">B\u01b0\u1edbc 1: Truy c\u1eadp trang ch\u1ee7 New88: T\u00ecm ki\u1ebfm trang ch\u1ee7 New88 tr\u00ean tr\u00ecnh duy\u1ec7t web c\u1ee7a b\u1ea1n ho\u1eb7c qua c\u00e1c k\u00eanh th\u00f4ng tin ch\u00ednh th\u1ee9c. T\u00ecm n\u00fat \u201c\u0110\u0103ng k\u00fd\u201d v\u00e0 n\u00fat n\u00e0y th\u01b0\u1eddng n\u1eb1m \u1edf g\u00f3c tr\u00ean b\u00ean ph\u1ea3i ho\u1eb7c \u1edf v\u1ecb tr\u00ed n\u1ed5i b\u1eadt tr\u00ean trang ch\u1ee7.<\/span><\/li>\n<li style=\"font-weight: 400;\" aria-level=\"1\"><span style=\"font-weight: 400;\">B\u01b0\u1edbc 2: \u0110i\u1ec1n th\u00f4ng tin \u0111\u0103ng k\u00fd: Nh\u1eadp \u0111\u1ea7y \u0111\u1ee7 v\u00e0 ch\u00ednh x\u00e1c c\u00e1c th\u00f4ng tin \u0111\u01b0\u1ee3c y\u00eau c\u1ea7u, bao g\u1ed3m t\u00ean \u0111\u0103ng nh\u1eadp, m\u1eadt kh\u1ea9u, email v\u00e0 s\u1ed1 \u0111i\u1ec7n tho\u1ea1i.<\/span><\/li>\n<li style=\"font-weight: 400;\" aria-level=\"1\"><span style=\"font-weight: 400;\">B\u01b0\u1edbc 3: Ki\u1ec3m tra l\u1ea1i th\u00f4ng tin \u0111\u00e3 nh\u1eadp, \u0111\u1ed3ng \u00fd v\u1edbi c\u00e1c \u0111i\u1ec1u kho\u1ea3n v\u00e0 \u0111i\u1ec1u ki\u1ec7n c\u1ee7a New88, v\u00e0 nh\u1ea5p v\u00e0o n\u00fat \u201c\u0110\u0103ng k\u00fd\u201d \u0111\u1ec3 ho\u00e0n t\u1ea5t qu\u00e1 tr\u00ecnh. Sau khi \u0111\u0103ng k\u00fd th\u00e0nh c\u00f4ng, ng\u01b0\u1eddi ch\u01a1i c\u00f3 th\u1ec3 \u0111\u0103ng nh\u1eadp v\u00e0 b\u1eaft \u0111\u1ea7u kh\u00e1m ph\u00e1 c\u00e1c tr\u00f2 ch\u01a1i v\u00e0 d\u1ecbch v\u1ee5 t\u1ea1i New88.<\/span><\/li>\n<\/ul>\n<figure id=\"attachment_975\" aria-describedby=\"caption-attachment-975\" style=\"width: 1024px\" class=\"wp-caption aligncenter\"><img loading=\"lazy\" decoding=\"async\" class=\"wp-image-975\" title=\"H\u01b0\u1edbng d\u1eabn New88 \u0111\u0103ng k\u00fd t\u00e0i kho\u1ea3n si\u00eau d\u1ec5 d\u00e0ng\" src=\"http:\/\/new88home.com\/wp-content\/uploads\/2025\/12\/huong-dan-new88-dang-ky-tai-khoan-sieu-de-dang.webp\" alt=\"H\u01b0\u1edbng d\u1eabn New88 \u0111\u0103ng k\u00fd t\u00e0i kho\u1ea3n si\u00eau d\u1ec5 d\u00e0ng\" width=\"1024\" height=\"512\"><figcaption id=\"caption-attachment-975\" class=\"wp-caption-text\">H\u01b0\u1edbng d\u1eabn New88 \u0111\u0103ng k\u00fd t\u00e0i kho\u1ea3n si\u00eau d\u1ec5 d\u00e0ng<\/figcaption><\/figure>\n<h2><span class=\"ez-toc-section\" id=\"huong-dan-nap-tien-vao-tai-khoan-new88\"><\/span><b>H\u01b0\u1edbng d\u1eabn n\u1ea1p ti\u1ec1n v\u00e0o t\u00e0i kho\u1ea3n New88<\/b><span class=\"ez-toc-section-end\"><\/span><\/h2>\n<p><span style=\"font-weight: 400;\">New88 h\u1ed7 tr\u1ee3 nhi\u1ec1u ph\u01b0\u01a1ng th\u1ee9c n\u1ea1p ti\u1ec1n an to\u00e0n v\u00e0 ti\u1ec7n l\u1ee3i.<\/span><b> H\u01b0\u1edbng d\u1eabn <\/b>New88<span style=\"font-weight: 400;\"> li\u00ean quan \u0111\u1ebfn qu\u00e1 tr\u00ecnh \u0111\u0103ng k\u00fd t\u00e0i kho\u1ea3n s\u1ebd \u0111\u01b0\u1ee3c b\u1eadt m\u00ed d\u01b0\u1edbi \u0111\u00e2y.<\/span><\/p>\n<h3><span class=\"ez-toc-section\" id=\"huong-dan-new88-chuyen-khoan-ngan-hang\"><\/span><b>H\u01b0\u1edbng d\u1eabn New88 chuy\u1ec3n kho\u1ea3n ng\u00e2n h\u00e0ng<\/b><span class=\"ez-toc-section-end\"><\/span><\/h3>\n<p><span style=\"font-weight: 400;\">Ng\u01b0\u1eddi ch\u01a1i c\u00f3 th\u1ec3 chuy\u1ec3n ti\u1ec1n tr\u1ef1c ti\u1ebfp t\u1eeb t\u00e0i kho\u1ea3n ng\u00e2n h\u00e0ng c\u1ee7a m\u00ecnh v\u00e0o t\u00e0i kho\u1ea3n New88.<\/span><\/p>\n<ul>\n<li style=\"font-weight: 400;\" aria-level=\"1\"><span style=\"font-weight: 400;\">B\u01b0\u1edbc 1: Kh\u1edfi t\u1ea1o l\u1ec7nh chuy\u1ec3n: \u0110\u0103ng nh\u1eadp v\u00e0o t\u00e0i kho\u1ea3n <strong><a href=\"https:\/\/new88home.com\/\/\" target=\"_blank\" rel=\"noopener\">https:\/\/new88home.com\/\/<\/a>,<\/strong> t\u00ecm \u0111\u1ebfn m\u1ee5c \u201cN\u1ea1p ti\u1ec1n\u201d v\u00e0 ch\u1ecdn bi\u1ec3u t\u01b0\u1ee3ng \u201cChuy\u1ec3n kho\u1ea3n ng\u00e2n h\u00e0ng\u201d. L\u00fac n\u00e0y, h\u1ec7 th\u1ed1ng s\u1ebd hi\u1ec3n th\u1ecb th\u00f4ng tin t\u00e0i kho\u1ea3n ng\u00e2n h\u00e0ng \u0111\u1ea1i di\u1ec7n c\u1ee7a New88 c\u00f9ng v\u1edbi m\u00e3 giao d\u1ecbch duy nh\u1ea5t d\u00e0nh ri\u00eang cho b\u1ea1n. H\u00e3y c\u1ea9n th\u1eadn ghi nh\u1edb ho\u1eb7c sao ch\u00e9p ch\u00ednh x\u00e1c th\u00f4ng tin n\u00e0y.<\/span><\/li>\n<li style=\"font-weight: 400;\" aria-level=\"1\"><span style=\"font-weight: 400;\">B\u01b0\u1edbc 2: Th\u1ef1c hi\u1ec7n giao d\u1ecbch: M\u1edf \u1ee9ng d\u1ee5ng ng\u00e2n h\u00e0ng ho\u1eb7c \u0111\u1ebfn tr\u1ef1c ti\u1ebfp qu\u1ea7y giao d\u1ecbch c\u1ee7a ng\u00e2n h\u00e0ng b\u1ea1n \u0111ang s\u1eed d\u1ee5ng. Ti\u1ebfn h\u00e0nh chuy\u1ec3n kho\u1ea3n \u0111\u1ebfn t\u00e0i kho\u1ea3n New88 v\u1eeba nh\u1eadn \u0111\u01b0\u1ee3c, \u0111\u1ea3m b\u1ea3o nh\u1eadp ch\u00ednh x\u00e1c m\u00e3 giao d\u1ecbch v\u00e0o ph\u1ea7n n\u1ed9i dung chuy\u1ec3n kho\u1ea3n. \u0110\u00e2y l\u00e0 ch\u00eca kh\u00f3a \u0111\u1ec3 h\u1ec7 th\u1ed1ng New88 t\u1ef1 \u0111\u1ed9ng nh\u1eadn di\u1ec7n v\u00e0 c\u1ed9ng ti\u1ec1n v\u00e0o t\u00e0i kho\u1ea3n c\u1ee7a b\u1ea1n.<\/span><\/li>\n<li style=\"font-weight: 400;\" aria-level=\"1\"><span style=\"font-weight: 400;\">B\u01b0\u1edbc 3: X\u00e1c nh\u1eadn th\u00e0nh c\u00f4ng: Sau khi ho\u00e0n t\u1ea5t chuy\u1ec3n kho\u1ea3n, h\u00e3y ki\u00ean nh\u1eabn ch\u1edd \u0111\u1ee3i trong gi\u00e2y l\u00e1t. Th\u00f4ng th\u01b0\u1eddng, giao d\u1ecbch s\u1ebd \u0111\u01b0\u1ee3c x\u1eed l\u00fd nhanh ch\u00f3ng. B\u1ea1n c\u00f3 th\u1ec3 ki\u1ec3m tra l\u1ea1i s\u1ed1 d\u01b0 t\u00e0i kho\u1ea3n New88 \u0111\u1ec3 ch\u1eafc ch\u1eafn ti\u1ec1n \u0111\u00e3 \u0111\u01b0\u1ee3c c\u1eadp nh\u1eadt. N\u1ebfu c\u00f3 b\u1ea5t k\u1ef3 s\u1ef1 ch\u1eadm tr\u1ec5 n\u00e0o, \u0111\u1eebng ng\u1ea7n ng\u1ea1i li\u00ean h\u1ec7 b\u1ed9 ph\u1eadn h\u1ed7 tr\u1ee3 kh\u00e1ch h\u00e0ng c\u1ee7a New88 \u0111\u1ec3 \u0111\u01b0\u1ee3c h\u1ed7 tr\u1ee3 k\u1ecbp th\u1eddi.<\/span><\/li>\n<\/ul>\n<figure id=\"attachment_974\" aria-describedby=\"caption-attachment-974\" style=\"width: 1024px\" class=\"wp-caption aligncenter\"><img loading=\"lazy\" decoding=\"async\" class=\"wp-image-974\" title=\"H\u01b0\u1edbng d\u1eabn n\u1ea1p ti\u1ec1n \u0111\u01b0\u1ee3c ng\u01b0\u1eddi ch\u01a1i quan t\u00e2m\" src=\"http:\/\/new88home.com\/wp-content\/uploads\/2025\/12\/huong-dan-nap-tien-duoc-nguoi-choi-quan-tam.webp\" alt=\"H\u01b0\u1edbng d\u1eabn n\u1ea1p ti\u1ec1n \u0111\u01b0\u1ee3c ng\u01b0\u1eddi ch\u01a1i quan t\u00e2m\" width=\"1024\" height=\"512\"><figcaption id=\"caption-attachment-974\" class=\"wp-caption-text\">H\u01b0\u1edbng d\u1eabn n\u1ea1p ti\u1ec1n \u0111\u01b0\u1ee3c ng\u01b0\u1eddi ch\u01a1i quan t\u00e2m<\/figcaption><\/figure>\n<h3><span class=\"ez-toc-section\" id=\"huong-dan-new88-nap-tien-qua-vi-dien-tu\"><\/span><b>H\u01b0\u1edbng d\u1eabn New88 n\u1ea1p ti\u1ec1n qua v\u00ed \u0111i\u1ec7n t\u1eed<\/b><span class=\"ez-toc-section-end\"><\/span><\/h3>\n<p><b>H\u01b0\u1edbng d\u1eabn <\/b>New88<span style=\"font-weight: 400;\"> h\u1ed7 tr\u1ee3 n\u1ea1p ti\u1ec1n qua c\u00e1c v\u00ed \u0111i\u1ec7n t\u1eed ph\u1ed5 bi\u1ebfn nh\u01b0 Momo, ZaloPay, v\u00e0 ViettelPay:<\/span><\/p>\n<p><span style=\"font-weight: 400;\">B\u01b0\u1edbc 1: Ch\u1ecdn v\u00ed, nh\u1eadn m\u00e3 QR: T\u1ea1i m\u1ee5c \u201cN\u1ea1p ti\u1ec1n\u201d tr\u00ean giao di\u1ec7n New88, l\u1ef1a ch\u1ecdn bi\u1ec3u t\u01b0\u1ee3ng v\u00ed \u0111i\u1ec7n t\u1eed b\u1ea1n mu\u1ed1n s\u1eed d\u1ee5ng (Momo, ZaloPay, ho\u1eb7c ViettelPay). H\u1ec7 th\u1ed1ng s\u1ebd t\u1ea1o ra m\u1ed9t m\u00e3 QR thanh to\u00e1n \u0111\u1ed9c nh\u1ea5t ho\u1eb7c cung c\u1ea5p th\u00f4ng tin s\u1ed1 \u0111i\u1ec7n tho\u1ea1i\/t\u00e0i kho\u1ea3n v\u00ed c\u1ee7a New88.<\/span><\/p>\n<p><span style=\"font-weight: 400;\">B\u01b0\u1edbc 2: Qu\u00e9t m\u00e3 ho\u1eb7c chuy\u1ec3n kho\u1ea3n: M\u1edf \u1ee9ng d\u1ee5ng v\u00ed \u0111i\u1ec7n t\u1eed tr\u00ean \u0111i\u1ec7n tho\u1ea1i c\u1ee7a b\u1ea1n. S\u1eed d\u1ee5ng ch\u1ee9c n\u0103ng \u201cQu\u00e9t m\u00e3 QR\u201d \u0111\u1ec3 qu\u00e9t m\u00e3 v\u1eeba \u0111\u01b0\u1ee3c cung c\u1ea5p, ho\u1eb7c nh\u1eadp ch\u00ednh x\u00e1c s\u1ed1 \u0111i\u1ec7n tho\u1ea1i\/t\u00e0i kho\u1ea3n v\u00ed c\u1ee7a New88 n\u1ebfu kh\u00f4ng c\u00f3 m\u00e3 QR. L\u01b0u \u00fd ki\u1ec3m tra k\u1ef9 th\u00f4ng tin ng\u01b0\u1eddi nh\u1eadn tr\u01b0\u1edbc khi x\u00e1c nh\u1eadn giao d\u1ecbch.<\/span><\/p>\n<p><span style=\"font-weight: 400;\">B\u01b0\u1edbc 3: Ho\u00e0n t\u1ea5t v\u00e0 t\u1eadn h\u01b0\u1edfng: Sau khi b\u1ea1n x\u00e1c nh\u1eadn thanh to\u00e1n th\u00e0nh c\u00f4ng tr\u00ean \u1ee9ng d\u1ee5ng v\u00ed \u0111i\u1ec7n t\u1eed, h\u1ec7 th\u1ed1ng New88 s\u1ebd t\u1ef1 \u0111\u1ed9ng ghi nh\u1eadn giao d\u1ecbch v\u00e0 c\u1eadp nh\u1eadt s\u1ed1 d\u01b0 v\u00e0o t\u00e0i kho\u1ea3n c\u1ee7a b\u1ea1n g\u1ea7n nh\u01b0 ngay l\u1eadp t\u1ee9c. B\u1ea1n \u0111\u00e3 s\u1eb5n s\u00e0ng kh\u00e1m ph\u00e1 th\u1ebf gi\u1edbi gi\u1ea3i tr\u00ed t\u1ea1i New88!<\/span><\/p>\n<h3><span class=\"ez-toc-section\" id=\"the-cao-dien-thoai\"><\/span><b>Th\u1ebb c\u00e0o \u0111i\u1ec7n tho\u1ea1i<\/b><span class=\"ez-toc-section-end\"><\/span><\/h3>\n<p><span style=\"font-weight: 400;\">Ng\u01b0\u1eddi ch\u01a1i c\u00f3 th\u1ec3 tham kh\u1ea3o <\/span><b>h\u01b0\u1edbng d\u1eabn<\/b> New88<span style=\"font-weight: 400;\"> v\u00e0 s\u1eed d\u1ee5ng th\u1ebb c\u00e0o \u0111i\u1ec7n tho\u1ea1i \u0111\u1ec3 n\u1ea1p ti\u1ec1n v\u00e0o t\u00e0i kho\u1ea3n New88:<\/span><\/p>\n<ul>\n<li style=\"font-weight: 400;\" aria-level=\"1\"><span style=\"font-weight: 400;\">B\u01b0\u1edbc 1: Ch\u1ecdn th\u1ebb, nh\u1eadp m\u00e3 s\u1ed1: Trong ph\u1ea7n \u201cN\u1ea1p ti\u1ec1n\u201d, t\u00ecm \u0111\u1ebfn bi\u1ec3u t\u01b0\u1ee3ng \u201cTh\u1ebb c\u00e0o \u0111i\u1ec7n tho\u1ea1i\u201d v\u00e0 l\u1ef1a ch\u1ecdn nh\u00e0 m\u1ea1ng t\u01b0\u01a1ng \u1ee9ng v\u1edbi th\u1ebb c\u00e0o b\u1ea1n \u0111ang c\u00f3 (v\u00ed d\u1ee5: Viettel, Mobifone, Vinaphone). Ti\u1ebfp theo, nh\u1eadp ch\u00ednh x\u00e1c m\u00e3 s\u1ed1 th\u1ebb c\u00e0o v\u00e0 s\u1ed1 serial (ho\u1eb7c m\u00e3 PIN) v\u00e0o c\u00e1c \u00f4 t\u01b0\u01a1ng \u1ee9ng tr\u00ean m\u00e0n h\u00ecnh. H\u00e3y \u0111\u1ea3m b\u1ea3o b\u1ea1n nh\u1eadp \u0111\u00fang t\u1eebng k\u00fd t\u1ef1 \u0111\u1ec3 tr\u00e1nh g\u1eb7p l\u1ed7i.<\/span><\/li>\n<li style=\"font-weight: 400;\" aria-level=\"1\"><span style=\"font-weight: 400;\">B\u01b0\u1edbc 2: X\u00e1c nh\u1eadn v\u00e0 \u0111\u1ed1i chi\u1ebfu: Sau khi \u0111i\u1ec1n \u0111\u1ea7y \u0111\u1ee7 th\u00f4ng tin th\u1ebb c\u00e0o, nh\u1ea5n n\u00fat \u201cN\u1ea1p ti\u1ec1n\u201d ho\u1eb7c \u201cX\u00e1c nh\u1eadn\u201d. H\u1ec7 th\u1ed1ng New88 s\u1ebd ti\u1ebfn h\u00e0nh ki\u1ec3m tra t\u00ednh h\u1ee3p l\u1ec7 c\u1ee7a th\u1ebb. H\u00e3y d\u00e0nh m\u1ed9t ch\u00fat th\u1eddi gian \u0111\u1ec3 h\u1ec7 th\u1ed1ng x\u1eed l\u00fd.<\/span><\/li>\n<li style=\"font-weight: 400;\" aria-level=\"1\"><span style=\"font-weight: 400;\">B\u01b0\u1edbc 3: C\u1ed9ng ti\u1ec1n v\u00e0 kh\u1edfi \u0111\u1ea7u: N\u1ebfu th\u1ebb c\u00e0o h\u1ee3p l\u1ec7, s\u1ed1 ti\u1ec1n t\u01b0\u01a1ng \u1ee9ng s\u1ebd \u0111\u01b0\u1ee3c c\u1ed9ng tr\u1ef1c ti\u1ebfp v\u00e0o t\u00e0i kho\u1ea3n New88 c\u1ee7a b\u1ea1n. L\u00fac n\u00e0y, b\u1ea1n c\u00f3 th\u1ec3 t\u1ef1 do tham gia c\u00e1c tr\u00f2 ch\u01a1i v\u00e0 d\u1ecbch v\u1ee5 h\u1ea5p d\u1eabn m\u00e0 New88 mang l\u1ea1i.\u00a0<\/span><\/li>\n<\/ul>\n<figure id=\"attachment_978\" aria-describedby=\"caption-attachment-978\" style=\"width: 1024px\" class=\"wp-caption aligncenter\"><img loading=\"lazy\" decoding=\"async\" class=\"wp-image-978\" title=\"N\u1ea1p ti\u1ec1n qua th\u1ebb c\u00e0o \u0111\u01b0\u1ee3c th\u1ef1c hi\u1ec7n nhanh ch\u00f3ng\" src=\"http:\/\/new88home.com\/wp-content\/uploads\/2025\/12\/nap-tien-qua-the-cao-duoc-thuc-hien-nhanh-chong.webp\" alt=\"N\u1ea1p ti\u1ec1n qua th\u1ebb c\u00e0o \u0111\u01b0\u1ee3c th\u1ef1c hi\u1ec7n nhanh ch\u00f3ng\" width=\"1024\" height=\"512\"><figcaption id=\"caption-attachment-978\" class=\"wp-caption-text\">N\u1ea1p ti\u1ec1n qua th\u1ebb c\u00e0o \u0111\u01b0\u1ee3c th\u1ef1c hi\u1ec7n nhanh ch\u00f3ng<\/figcaption><\/figure>\n<blockquote><\/blockquote>\n<h2><span class=\"ez-toc-section\" id=\"huong-dan-new88-rut-tien-tu-tai-khoan\"><\/span><b>H\u01b0\u1edbng d\u1eabn New88 r\u00fat ti\u1ec1n t\u1eeb t\u00e0i kho\u1ea3n\u00a0<\/b><span class=\"ez-toc-section-end\"><\/span><\/h2>\n<p><b>H\u01b0\u1edbng d\u1eabn New88<\/b><span style=\"font-weight: 400;\"> li\u00ean quan \u0111\u1ebfn vi\u1ec7c r\u00fat ti\u1ec1n t\u1eeb t\u00e0i kho\u1ea3n c\u0169ng r\u1ea5t \u0111\u01a1n gi\u1ea3n. Ng\u01b0\u1eddi ch\u01a1i c\u00f3 th\u1ec3 r\u00fat ti\u1ec1n v\u1ec1 t\u00e0i kho\u1ea3n ng\u00e2n h\u00e0ng c\u00e1 nh\u00e2n c\u1ee7a m\u00ecnh theo c\u00e1c b\u01b0\u1edbc sau:<\/span><\/p>\n<ul>\n<li style=\"font-weight: 400;\" aria-level=\"1\"><span style=\"font-weight: 400;\">\u0110\u0103ng nh\u1eadp v\u00e0o t\u00e0i kho\u1ea3n New88 v\u00e0 ch\u1ecdn m\u1ee5c \u201cR\u00fat ti\u1ec1n\u201d.<\/span><\/li>\n<li style=\"font-weight: 400;\" aria-level=\"1\"><span style=\"font-weight: 400;\">Ch\u1ecdn ph\u01b0\u01a1ng th\u1ee9c r\u00fat ti\u1ec1n \u201cChuy\u1ec3n kho\u1ea3n ng\u00e2n h\u00e0ng\u201d.<\/span><\/li>\n<li style=\"font-weight: 400;\" aria-level=\"1\"><span style=\"font-weight: 400;\">Nh\u1eadp s\u1ed1 ti\u1ec1n c\u1ea7n r\u00fat v\u00e0 cung c\u1ea5p th\u00f4ng tin t\u00e0i kho\u1ea3n ng\u00e2n h\u00e0ng nh\u1eadn ti\u1ec1n.<\/span><\/li>\n<li style=\"font-weight: 400;\" aria-level=\"1\"><span style=\"font-weight: 400;\">Ki\u1ec3m tra l\u1ea1i th\u00f4ng tin v\u00e0 x\u00e1c nh\u1eadn y\u00eau c\u1ea7u r\u00fat ti\u1ec1n.<\/span><\/li>\n<\/ul>\n<figure id=\"attachment_973\" aria-describedby=\"caption-attachment-973\" style=\"width: 1024px\" class=\"wp-caption aligncenter\"><img loading=\"lazy\" decoding=\"async\" class=\"wp-image-973\" title=\"R\u00fat ti\u1ec1n \u0111\u01b0\u1ee3c nh\u00e0 c\u00e1i h\u1ed7 tr\u1ee3 \u0111\u01a1n gi\u1ea3n\" src=\"http:\/\/new88home.com\/wp-content\/uploads\/2025\/12\/rut-tien-duoc-nha-cai-ho-tro-don-gian.webp\" alt=\"R\u00fat ti\u1ec1n \u0111\u01b0\u1ee3c nh\u00e0 c\u00e1i h\u1ed7 tr\u1ee3 \u0111\u01a1n gi\u1ea3n\" width=\"1024\" height=\"512\"><figcaption id=\"caption-attachment-973\" class=\"wp-caption-text\">R\u00fat ti\u1ec1n \u0111\u01b0\u1ee3c nh\u00e0 c\u00e1i h\u1ed7 tr\u1ee3 \u0111\u01a1n gi\u1ea3n<\/figcaption><\/figure>\n<p><span style=\"font-weight: 400;\">S\u00e2n ch\u01a1i lu\u00f4n n\u1ed7 l\u1ef1c cung c\u1ea5p c\u00e1c <\/span><b>h\u01b0\u1edbng d\u1eabn <\/b>New88<span style=\"font-weight: 400;\"> chi ti\u1ebft v\u00e0 d\u1ec5 hi\u1ec3u nh\u1ea5t \u0111\u1ec3 ng\u01b0\u1eddi ch\u01a1i c\u00f3 th\u1ec3 s\u1eed d\u1ee5ng c\u00e1c d\u1ecbch v\u1ee5 c\u1ee7a n\u1ec1n t\u1ea3ng m\u1ed9t c\u00e1ch d\u1ec5 d\u00e0ng. N\u1ebfu b\u1ea1n c\u00f3 b\u1ea5t k\u1ef3 c\u00e2u h\u1ecfi ho\u1eb7c c\u1ea7n h\u1ed7 tr\u1ee3 th\u00eam, \u0111\u1eebng ng\u1ea7n ng\u1ea1i li\u00ean h\u1ec7 v\u1edbi \u0111\u1ed9i ng\u0169 h\u1ed7 tr\u1ee3 kh\u00e1ch h\u00e0ng c\u1ee7a New88.<\/span><\/p>\n","protected":false},"excerpt":{"rendered":"<p>H\u01b0\u1edbng d\u1eabn \u00a0l\u00e0 danh m\u1ee5c chia s\u1ebb c\u00e1c ki\u1ebfn th\u1ee9c ng\u01b0\u1eddi ch\u01a1i quan t\u00e2m. B\u1edfi \u0111\u00e2y l\u00e0 m\u1ed9t n\u1ec1n t\u1ea3ng gi\u1ea3i tr\u00ed tr\u1ef1c tuy\u1ebfn, cung c\u1ea5p m\u1ed9t lo\u1ea1t c\u00e1c tr\u00f2 ch\u01a1i v\u00e0 d\u1ecbch v\u1ee5 h\u1ed7 tr\u1ee3 ng\u01b0\u1eddi ch\u01a1i. \u0110\u1ec3 gi\u00fap ng\u01b0\u1eddi ch\u01a1i c\u00f3 tr\u1ea3i nghi\u1ec7m t\u1ed1t nh\u1ea5t, s\u00e2n ch\u01a1i cung c\u1ea5p c\u00e1c h\u01b0\u1edbng d\u1eabn chi [&#8230;]\n","protected":false},"author":1,"featured_media":1136,"parent":0,"menu_order":0,"comment_status":"closed","ping_status":"closed","template":"","meta":{"footnotes":""},"class_list":["post-1130","page","type-page","status-publish","has-post-thumbnail","hentry"],"_links":{"self":[{"href":"https:\/\/new88home.com\/index.php\/wp-json\/wp\/v2\/pages\/1130","targetHints":{"allow":["GET"]}}],"collection":[{"href":"https:\/\/new88home.com\/index.php\/wp-json\/wp\/v2\/pages"}],"about":[{"href":"https:\/\/new88home.com\/index.php\/wp-json\/wp\/v2\/types\/page"}],"author":[{"embeddable":true,"href":"https:\/\/new88home.com\/index.php\/wp-json\/wp\/v2\/users\/1"}],"replies":[{"embeddable":true,"href":"https:\/\/new88home.com\/index.php\/wp-json\/wp\/v2\/comments?post=1130"}],"version-history":[{"count":0,"href":"https:\/\/new88home.com\/index.php\/wp-json\/wp\/v2\/pages\/1130\/revisions"}],"wp:featuredmedia":[{"embeddable":true,"href":"https:\/\/new88home.com\/index.php\/wp-json\/wp\/v2\/media\/1136"}],"wp:attachment":[{"href":"https:\/\/new88home.com\/index.php\/wp-json\/wp\/v2\/media?parent=1130"}],"curies":[{"name":"wp","href":"https:\/\/api.w.org\/{rel}","templated":true}]}}