{"id":1205,"date":"2025-12-26T09:31:13","date_gmt":"2025-12-26T09:31:13","guid":{"rendered":"https:\/\/new88home.com\/index.php\/dieu-khoan-dieu-kien\/"},"modified":"2025-12-26T09:31:13","modified_gmt":"2025-12-26T09:31:13","slug":"dieu-khoan-dieu-kien","status":"publish","type":"page","link":"https:\/\/new88home.com\/index.php\/dieu-khoan-dieu-kien\/","title":{"rendered":"\u0110i\u1ec1u kho\u1ea3n \u0111i\u1ec1u ki\u1ec7n &#8211; H\u01b0\u1edbng d\u1eabn s\u1eed d\u1ee5ng d\u1ecbch v\u1ee5 to\u00e0n di\u1ec7n New88"},"content":{"rendered":"<p><i><span style=\"font-weight: 400;\">Khi s\u1eed d\u1ee5ng b\u1ea5t k\u1ef3 d\u1ecbch v\u1ee5 n\u00e0o, hi\u1ec3u r\u00f5 v\u1ec1 <\/span><\/i><strong><a href=\"https:\/\/new88home.com\/\/dieu-khoan-dieu-kien\/\" target=\"_blank\" rel=\"noopener\"><i>\u0110i\u1ec1u kho\u1ea3n \u0111i\u1ec1u ki\u1ec7n<\/i><\/a><\/strong><i><span style=\"font-weight: 400;\"> l\u00e0 v\u00f4 c\u00f9ng c\u1ea7n thi\u1ebft. \u0110\u00e2y l\u00e0 cam k\u1ebft gi\u1eefa ng\u01b0\u1eddi d\u00f9ng v\u00e0 New88, quy \u0111\u1ecbnh v\u1ec1 quy\u1ec1n l\u1ee3i v\u00e0 tr\u00e1ch nhi\u1ec7m c\u1ee7a c\u00e1c b\u00ean nh\u1eb1m \u0111\u1ea3m b\u1ea3o s\u1ef1 c\u00f4ng b\u1eb1ng v\u00e0 minh b\u1ea1ch trong qu\u00e1 tr\u00ecnh s\u1eed d\u1ee5ng. Th\u00f4ng qua b\u00e0i vi\u1ebft n\u00e0y, <strong><a href=\"https:\/\/new88home.com\/\/\" target=\"_blank\" rel=\"noopener\">new88<\/a><\/strong> s\u1ebd gi\u1ea3i th\u00edch chi ti\u1ebft t\u1eebng n\u1ed9i dung quan tr\u1ecdng trong \u0111i\u1ec1u kho\u1ea3n, \u0111i\u1ec1u ki\u1ec7n \u0111\u1ec3 b\u1ea1n n\u1eafm r\u00f5 v\u00e0 s\u1eed d\u1ee5ng d\u1ecbch v\u1ee5 m\u1ed9t c\u00e1ch thu\u1eadn ti\u1ec7n nh\u1ea5t.<\/span><\/i><\/p>\n<h2><span class=\"ez-toc-section\" id=\"tong-quan-ve-dieu-khoan-dieu-kien-new88\"><\/span><b>T\u1ed5ng quan v\u1ec1 \u0110i\u1ec1u kho\u1ea3n \u0111i\u1ec1u ki\u1ec7n New88<\/b><span class=\"ez-toc-section-end\"><\/span><\/h2>\n<p><span style=\"font-weight: 400;\">New88 lu\u00f4n \u0111\u1eb7t quy\u1ec1n l\u1ee3i c\u1ee7a ng\u01b0\u1eddi d\u00f9ng l\u00ean h\u00e0ng \u0111\u1ea7u, v\u00e0 vi\u1ec7c thi\u1ebft l\u1eadp c\u00e1c <\/span><b>\u0110i\u1ec1u kho\u1ea3n \u0111i\u1ec1u ki\u1ec7n<\/b><span style=\"font-weight: 400;\"> r\u00f5 r\u00e0ng l\u00e0 m\u1ed9t ph\u1ea7n kh\u00f4ng th\u1ec3 thi\u1ebfu trong cam k\u1ebft n\u00e0y. Th\u00f4ng qua c\u00e1c \u0111i\u1ec1u kho\u1ea3n, ch\u00fang t\u00f4i x\u00e2y d\u1ef1ng m\u1ed9t m\u00f4i tr\u01b0\u1eddng s\u1eed d\u1ee5ng d\u1ecbch v\u1ee5 an to\u00e0n, c\u00f4ng b\u1eb1ng v\u00e0 \u0111\u00e1ng tin c\u1eady cho t\u1ea5t c\u1ea3 th\u00e0nh vi\u00ean.<\/span><\/p>\n<p><span style=\"font-weight: 400;\">Khi tham gia v\u00e0o h\u1ec7 th\u1ed1ng c\u1ee7a New88, b\u1ea1n \u0111\u1ed3ng ngh\u0129a v\u1edbi vi\u1ec7c \u0111\u00e3 \u0111\u1ecdc, hi\u1ec3u v\u00e0 ch\u1ea5p nh\u1eadn to\u00e0n b\u1ed9 \u0111i\u1ec1u kho\u1ea3n s\u1eed d\u1ee5ng m\u00e0 ch\u00fang t\u00f4i \u0111\u1ec1 ra. \u0110\u00e2y kh\u00f4ng \u0111\u01a1n thu\u1ea7n l\u00e0 nh\u1eefng quy \u0111\u1ecbnh kh\u00f4 khan, m\u00e0 c\u00f2n l\u00e0 s\u1ef1 b\u1ea3o v\u1ec7 quy\u1ec1n l\u1ee3i cho ch\u00ednh b\u1ea1n trong su\u1ed1t qu\u00e1 tr\u00ecnh s\u1eed d\u1ee5ng d\u1ecbch v\u1ee5 c\u1ee7a ch\u00fang t\u00f4i.<\/span><\/p>\n<figure id=\"attachment_872\" aria-describedby=\"caption-attachment-872\" style=\"width: 1024px\" class=\"wp-caption aligncenter\"><img loading=\"lazy\" decoding=\"async\" class=\"wp-image-872\" title=\"\u0110i\u1ec1u kho\u1ea3n \u0111i\u1ec1u ki\u1ec7n, th\u00f4ng tin s\u1eed d\u1ee5ng d\u1ecbch v\u1ee5 New88\" src=\"http:\/\/new88home.com\/wp-content\/uploads\/2025\/12\/dieu-khoan-dieu-kien-thong-tin-su-dung-dich-vu-new88.webp\" alt=\"\u0110i\u1ec1u kho\u1ea3n \u0111i\u1ec1u ki\u1ec7n, th\u00f4ng tin s\u1eed d\u1ee5ng d\u1ecbch v\u1ee5 New88\" width=\"1024\" height=\"512\"><figcaption id=\"caption-attachment-872\" class=\"wp-caption-text\">\u0110i\u1ec1u kho\u1ea3n \u0111i\u1ec1u ki\u1ec7n, th\u00f4ng tin s\u1eed d\u1ee5ng d\u1ecbch v\u1ee5 New88<\/figcaption><\/figure>\n<h2><span class=\"ez-toc-section\" id=\"nhung-dieu-can-biet-ve-dieu-khoan-dieu-kien-new88\"><\/span><b>Nh\u1eefng \u0111i\u1ec1u c\u1ea7n bi\u1ebft v\u1ec1 \u0110i\u1ec1u kho\u1ea3n \u0111i\u1ec1u ki\u1ec7n New88<\/b><span class=\"ez-toc-section-end\"><\/span><\/h2>\n<p><span style=\"font-weight: 400;\">D\u01b0\u1edbi \u0111\u00e2y l\u00e0 nh\u1eefng th\u00f4ng tin v\u1ec1 \u0111i\u1ec1u kho\u1ea3n s\u1eed d\u1ee5ng d\u1ecbch v\u1ee5 t\u1ea1i nh\u00e0 c\u00e1i New88 m\u00e0 ng\u01b0\u1eddi ch\u01a1i c\u1ea7n bi\u1ebft:<\/span><\/p>\n<h3><span class=\"ez-toc-section\" id=\"dieu-khoan-ve-dang-ky-va-quan-ly-tai-khoan\"><\/span><b>\u0110i\u1ec1u kho\u1ea3n v\u1ec1 \u0111\u0103ng k\u00fd v\u00e0 qu\u1ea3n l\u00fd t\u00e0i kho\u1ea3n<\/b><span class=\"ez-toc-section-end\"><\/span><\/h3>\n<p><span style=\"font-weight: 400;\">\u0110\u1ec3 tr\u1ea3i nghi\u1ec7m \u0111\u1ea7y \u0111\u1ee7 c\u00e1c d\u1ecbch v\u1ee5 c\u1ee7a New88, b\u1ea1n c\u1ea7n t\u1ea1o m\u1ed9t t\u00e0i kho\u1ea3n c\u00e1 nh\u00e2n. \u0110i\u1ec1u kho\u1ea3n v\u00e0 \u0110i\u1ec1u ki\u1ec7n v\u1ec1 \u0111\u0103ng k\u00fd t\u00e0i kho\u1ea3n y\u00eau c\u1ea7u:<\/span><\/p>\n<ul>\n<li style=\"font-weight: 400;\" aria-level=\"1\"><span style=\"font-weight: 400;\">Ng\u01b0\u1eddi d\u00f9ng ph\u1ea3i tr\u00ean 18 tu\u1ed5i \u0111\u1ec3 ch\u1ecbu tr\u00e1ch nhi\u1ec7m v\u1ec1 h\u00e0nh vi c\u1ee7a m\u00ecnh.<\/span><\/li>\n<li style=\"font-weight: 400;\" aria-level=\"1\"><span style=\"font-weight: 400;\">Cung c\u1ea5p th\u00f4ng tin c\u00e1 nh\u00e2n ch\u00ednh ch\u1ee7, ch\u00ednh x\u00e1c v\u00e0 \u0111\u1ea7y \u0111\u1ee7.<\/span><\/li>\n<li style=\"font-weight: 400;\" aria-level=\"1\"><span style=\"font-weight: 400;\">M\u1ed7i ng\u01b0\u1eddi ch\u1ec9 \u0111\u01b0\u1ee3c t\u1ea1o m\u1ed9t t\u00e0i kho\u1ea3n duy nh\u1ea5t, nguy\u00ean t\u1eafc b\u1ea5t di b\u1ea5t d\u1ecbch.<\/span><\/li>\n<li style=\"font-weight: 400;\" aria-level=\"1\"><span style=\"font-weight: 400;\">Ch\u1ecbu tr\u00e1ch nhi\u1ec7m b\u1ea3o m\u1eadt th\u00f4ng tin t\u00e0i kho\u1ea3n, c\u00e1c ph\u00e1t sinh giao d\u1ecbch.<\/span><\/li>\n<\/ul>\n<p><span style=\"font-weight: 400;\">B\u1ea1n c\u1ea7n l\u01b0u \u00fd r\u1eb1ng, t\u00e0i kho\u1ea3n New88 l\u00e0 t\u00e0i s\u1ea3n c\u00e1 nh\u00e2n v\u00e0 kh\u00f4ng \u0111\u01b0\u1ee3c ph\u00e9p chia s\u1ebb, cho m\u01b0\u1ee3n hay chuy\u1ec3n nh\u01b0\u1ee3ng d\u01b0\u1edbi b\u1ea5t k\u1ef3 h\u00ecnh th\u1ee9c n\u00e0o. Vi\u1ec7c vi ph\u1ea1m c\u00f3 th\u1ec3 d\u1eabn \u0111\u1ebfn vi\u1ec7c kh\u00f3a t\u00e0i kho\u1ea3n v\u0129nh vi\u1ec5n v\u00e0 m\u1ea5t to\u00e0n b\u1ed9 s\u1ed1 d\u01b0.<\/span><\/p>\n<p><span style=\"font-weight: 400;\">New88 c\u0169ng khuy\u1ebfn kh\u00edch b\u1ea1n th\u01b0\u1eddng xuy\u00ean c\u1eadp nh\u1eadt th\u00f4ng tin c\u00e1 nh\u00e2n \u0111\u1ec3 \u0111\u1ea3m b\u1ea3o t\u00ednh ch\u00ednh x\u00e1c v\u00e0 thu\u1eadn ti\u1ec7n trong vi\u1ec7c s\u1eed d\u1ee5ng c\u00e1c d\u1ecbch v\u1ee5, \u0111\u1eb7c bi\u1ec7t l\u00e0 c\u00e1c giao d\u1ecbch t\u00e0i ch\u00ednh.<\/span><\/p>\n<figure id=\"attachment_873\" aria-describedby=\"caption-attachment-873\" style=\"width: 1024px\" class=\"wp-caption aligncenter\"><img loading=\"lazy\" decoding=\"async\" class=\"wp-image-873\" title=\"Ng\u01b0\u1eddi ch\u01a1i m\u1edf t\u00e0i kho\u1ea3n New88 \u0111\u1ee7 18 tu\u1ed5i tr\u1edf l\u00ean\" src=\"http:\/\/new88home.com\/wp-content\/uploads\/2025\/12\/nguoi-choi-mo-tai-khoan-new88-du-18-tuoi-tro-len.webp\" alt=\"Ng\u01b0\u1eddi ch\u01a1i m\u1edf t\u00e0i kho\u1ea3n New88 \u0111\u1ee7 18 tu\u1ed5i tr\u1edf l\u00ean\" width=\"1024\" height=\"512\"><figcaption id=\"caption-attachment-873\" class=\"wp-caption-text\">Ng\u01b0\u1eddi ch\u01a1i m\u1edf t\u00e0i kho\u1ea3n New88 \u0111\u1ee7 18 tu\u1ed5i tr\u1edf l\u00ean<\/figcaption><\/figure>\n<h3><span class=\"ez-toc-section\" id=\"quy-dinh-dieu-khoan-ve-giao-dich-nap-va-rut-tien-cuoc\"><\/span><b>Quy \u0111\u1ecbnh \u0111i\u1ec1u kho\u1ea3n v\u1ec1 giao d\u1ecbch n\u1ea1p v\u00e0 r\u00fat ti\u1ec1n c\u01b0\u1ee3c<\/b><span class=\"ez-toc-section-end\"><\/span><\/h3>\n<p><span style=\"font-weight: 400;\">C\u00e1c <\/span><b>\u0110i\u1ec1u kho\u1ea3n \u0111i\u1ec1u ki\u1ec7n<\/b><span style=\"font-weight: 400;\"> li\u00ean quan \u0111\u1ebfn giao d\u1ecbch t\u00e0i ch\u00ednh t\u1ea1i New88 \u0111\u01b0\u1ee3c thi\u1ebft k\u1ebf \u0111\u1ec3 \u0111\u1ea3m b\u1ea3o t\u00ednh minh b\u1ea1ch v\u00e0 thu\u1eadn ti\u1ec7n t\u1ed1i \u0111a cho ng\u01b0\u1eddi d\u00f9ng. Khi th\u1ef1c hi\u1ec7n n\u1ea1p ti\u1ec1n:<\/span><\/p>\n<ul>\n<li style=\"font-weight: 400;\" aria-level=\"1\"><span style=\"font-weight: 400;\">S\u1ed1 ti\u1ec1n n\u1ea1p t\u1ed1i thi\u1ec3u v\u00e0 t\u1ed1i \u0111a ph\u1ee5 thu\u1ed9c v\u00e0o ph\u01b0\u01a1ng th\u1ee9c thanh to\u00e1n.<\/span><\/li>\n<li style=\"font-weight: 400;\" aria-level=\"1\"><span style=\"font-weight: 400;\">Ti\u1ec1n s\u1ebd \u0111\u01b0\u1ee3c c\u1eadp nh\u1eadt ch\u1ec9 t\u1eeb 2-5 ph\u00fat v\u00e0o t\u00e0i kho\u1ea3n ngay l\u1eadp t\u1ee9c v\u00e0 kh\u00f4ng c\u00f3 ph\u00ed n\u1ea1p ti\u1ec1n t\u1eeb ph\u00eda New88.<\/span><\/li>\n<\/ul>\n<p><span style=\"font-weight: 400;\">\u0110\u1ed1i v\u1edbi vi\u1ec7c r\u00fat ti\u1ec1n:<\/span><\/p>\n<ul>\n<li style=\"font-weight: 400;\" aria-level=\"1\"><span style=\"font-weight: 400;\">Y\u00eau c\u1ea7u x\u00e1c minh danh t\u00ednh tr\u01b0\u1edbc khi h\u1ed9i vi\u00ean New88 th\u1ef1c hi\u1ec7n r\u00fat ti\u1ec1n \u1edf l\u1ea7n \u0111\u1ea7u<\/span><\/li>\n<li style=\"font-weight: 400;\" aria-level=\"1\"><span style=\"font-weight: 400;\">Ng\u01b0\u1eddi ch\u01a1i ch\u1ec9 c\u00f3 th\u1ec3 r\u00fat ti\u1ec1n v\u1ec1 \u0111\u00fang t\u00e0i kho\u1ea3n m\u00e0 m\u00ecnh \u0111\u1ee9ng t\u00ean v\u00e0 \u0111\u00e3 cung c\u1ea5p cho nh\u00e0 c\u00e1i.<\/span><\/li>\n<li style=\"font-weight: 400;\" aria-level=\"1\"><span style=\"font-weight: 400;\">Th\u1eddi gian x\u1eed l\u00fd t\u1eeb ch\u1eadm nh\u1ea5t 24 gi\u1edd t\u00f9y ph\u01b0\u01a1ng th\u1ee9c, c\u00f3 gi\u1edbi h\u1ea1n s\u1ed1 l\u1ea7n r\u00fat ti\u1ec1n mi\u1ec5n ph\u00ed trong ng\u00e0y.<\/span><\/li>\n<\/ul>\n<p><span style=\"font-weight: 400;\">New88 lu\u00f4n n\u1ed7 l\u1ef1c x\u1eed l\u00fd c\u00e1c giao d\u1ecbch m\u1ed9t c\u00e1ch nhanh ch\u00f3ng v\u00e0 an to\u00e0n. Trong tr\u01b0\u1eddng h\u1ee3p g\u1eb7p v\u1ea5n \u0111\u1ec1 v\u1ec1 giao d\u1ecbch, \u0111\u1ed9i ng\u0169 h\u1ed7 tr\u1ee3 c\u1ee7a ch\u00fang t\u00f4i s\u1ebd gi\u1ea3i quy\u1ebft trong th\u1eddi gian s\u1edbm nh\u1ea5t.<\/span><\/p>\n<h3><span class=\"ez-toc-section\" id=\"dieu-khoan-ve-khuyen-mai-va-uu-dai-cua-new88\"><\/span><b>\u0110i\u1ec1u kho\u1ea3n v\u1ec1 khuy\u1ebfn m\u00e3i v\u00e0 \u01b0u \u0111\u00e3i c\u1ee7a New88<\/b><span class=\"ez-toc-section-end\"><\/span><\/h3>\n<p><span style=\"font-weight: 400;\">New88 li\u00ean t\u1ee5c tri\u1ec3n khai nh\u1eefng ch\u01b0\u01a1ng tr\u00ecnh khuy\u1ebfn m\u00e3i h\u1eadu h\u0129nh d\u00e0nh cho ng\u01b0\u1eddi d\u00f9ng. Tuy nhi\u00ean, m\u1ed7i \u01b0u \u0111\u00e3i th\u01b0\u1eddng \u0111i k\u00e8m v\u1edbi <\/span><b>\u0110i\u1ec1u kho\u1ea3n \u0111i\u1ec1u ki\u1ec7n<\/b><span style=\"font-weight: 400;\"> ri\u00eang bi\u1ec7t m\u00e0 b\u1ea1n c\u1ea7n n\u1eafm r\u00f5:<\/span><\/p>\n<ul>\n<li style=\"font-weight: 400;\" aria-level=\"1\"><span style=\"font-weight: 400;\">Th\u1eddi h\u1ea1n \u00e1p d\u1ee5ng c\u1ee7a t\u1eebng ch\u01b0\u01a1ng tr\u00ecnh khuy\u1ebfn m\u00e3i theo n\u0103m, qu\u00fd.<\/span><\/li>\n<li style=\"font-weight: 400;\" aria-level=\"1\"><span style=\"font-weight: 400;\">\u0110i\u1ec1u ki\u1ec7n tham gia v\u00e0 nh\u1eadn th\u01b0\u1edfng v\u1ec1 y\u00eau c\u1ea7u v\u00f2ng c\u01b0\u1ee3c (n\u1ebfu c\u00f3), gi\u1edbi h\u1ea1n ti\u1ec1n th\u01b0\u1edfng t\u1ed1i \u0111a.<\/span><\/li>\n<\/ul>\n<p><span style=\"font-weight: 400;\">Ch\u00fang t\u00f4i khuy\u1ebfn kh\u00edch b\u1ea1n \u0111\u1ecdc k\u1ef9 th\u00f4ng tin chi ti\u1ebft v\u1ec1 m\u1ed7i ch\u01b0\u01a1ng tr\u00ecnh khuy\u1ebfn m\u00e3i tr\u01b0\u1edbc khi tham gia. \u0110i\u1ec1u n\u00e0y s\u1ebd gi\u00fap b\u1ea1n t\u1eadn d\u1ee5ng t\u1ed1i \u0111a c\u00e1c \u01b0u \u0111\u00e3i m\u00e0 kh\u00f4ng g\u1eb7p ph\u1ea3i nh\u1eefng hi\u1ec3u l\u1ea7m \u0111\u00e1ng ti\u1ebfc.<\/span><\/p>\n<p><span style=\"font-weight: 400;\">New88 c\u00f3 quy\u1ec1n \u0111i\u1ec1u ch\u1ec9nh ho\u1eb7c k\u1ebft th\u00fac c\u00e1c ch\u01b0\u01a1ng tr\u00ecnh khuy\u1ebfn m\u00e3i tr\u01b0\u1edbc th\u1eddi h\u1ea1n, nh\u01b0ng lu\u00f4n \u0111\u1ea3m b\u1ea3o th\u00f4ng b\u00e1o tr\u01b0\u1edbc cho ng\u01b0\u1eddi d\u00f9ng v\u00e0 t\u00f4n tr\u1ecdng quy\u1ec1n l\u1ee3i \u0111\u00e3 cam k\u1ebft.<\/span><\/p>\n<figure id=\"attachment_874\" aria-describedby=\"caption-attachment-874\" style=\"width: 1024px\" class=\"wp-caption aligncenter\"><img loading=\"lazy\" decoding=\"async\" class=\"wp-image-874\" title=\"Nh\u1eadn khuy\u1ebfn m\u00e3i tu\u00e2n th\u1ee7 quy \u0111\u1ecbnh c\u1ee7a m\u1ed7i ch\u01b0\u01a1ng tr\u00ecnh\" src=\"http:\/\/new88home.com\/wp-content\/uploads\/2025\/12\/nhan-khuyen-mai-tuan-thu-quy-dinh-cua-moi-chuong-trinh.webp\" alt=\"Nh\u1eadn khuy\u1ebfn m\u00e3i tu\u00e2n th\u1ee7 quy \u0111\u1ecbnh c\u1ee7a m\u1ed7i ch\u01b0\u01a1ng tr\u00ecnh\" width=\"1024\" height=\"512\"><figcaption id=\"caption-attachment-874\" class=\"wp-caption-text\">Nh\u1eadn khuy\u1ebfn m\u00e3i tu\u00e2n th\u1ee7 quy \u0111\u1ecbnh c\u1ee7a m\u1ed7i ch\u01b0\u01a1ng tr\u00ecnh<\/figcaption><\/figure>\n<blockquote><\/blockquote>\n<h2><span class=\"ez-toc-section\" id=\"trach-nhiem-cua-nguoi-dung\"><\/span><b>Tr\u00e1ch nhi\u1ec7m c\u1ee7a ng\u01b0\u1eddi d\u00f9ng<\/b><span class=\"ez-toc-section-end\"><\/span><\/h2>\n<p><span style=\"font-weight: 400;\">Khi s\u1eed d\u1ee5ng d\u1ecbch v\u1ee5 c\u1ee7a New88, b\u1ea1n \u0111\u1ed3ng \u00fd tu\u00e2n th\u1ee7 c\u00e1c <\/span><b>\u0110i\u1ec1u kho\u1ea3n \u0111i\u1ec1u ki\u1ec7n<\/b><span style=\"font-weight: 400;\"> v\u1ec1 tr\u00e1ch nhi\u1ec7m ng\u01b0\u1eddi d\u00f9ng, bao g\u1ed3m:<\/span><\/p>\n<ul>\n<li style=\"font-weight: 400;\" aria-level=\"1\"><span style=\"font-weight: 400;\">Kh\u00f4ng s\u1eed d\u1ee5ng ph\u1ea7n m\u1ec1m, c\u00f4ng c\u1ee5 can thi\u1ec7p ho\u1eb7c t\u1ea1o l\u1ee3i th\u1ebf kh\u00f4ng c\u00f4ng b\u1eb1ng.<\/span><\/li>\n<li style=\"font-weight: 400;\" aria-level=\"1\"><span style=\"font-weight: 400;\">Kh\u00f4ng c\u00f3 h\u00e0nh vi gian l\u1eadn ho\u1eb7c l\u1ea1m d\u1ee5ng c\u00e1c l\u1ed7i h\u1ec7 th\u1ed1ng.<\/span><\/li>\n<li style=\"font-weight: 400;\" aria-level=\"1\"><span style=\"font-weight: 400;\">Kh\u00f4ng s\u1eed d\u1ee5ng ng\u00f4n t\u1eeb thi\u1ebfu v\u0103n h\u00f3a, x\u00fac ph\u1ea1m trong giao ti\u1ebfp.<\/span><\/li>\n<li style=\"font-weight: 400;\" aria-level=\"1\"><span style=\"font-weight: 400;\">T\u1ef1 ch\u1ecbu tr\u00e1ch nhi\u1ec7m v\u1ec1 c\u00e1c quy\u1ebft \u0111\u1ecbnh li\u00ean quan \u0111\u1ebfn t\u00e0i kho\u1ea3n c\u1ee7a m\u00ecnh.<\/span><\/li>\n<\/ul>\n<p><span style=\"font-weight: 400;\">Vi\u1ec7c vi ph\u1ea1m c\u00e1c \u0111i\u1ec1u kho\u1ea3n n\u00e0y c\u00f3 th\u1ec3 d\u1eabn \u0111\u1ebfn nhi\u1ec1u h\u00ecnh th\u1ee9c x\u1eed l\u00fd kh\u00e1c nhau, t\u1eeb c\u1ea3nh c\u00e1o, t\u1ea1m kh\u00f3a t\u00e0i kho\u1ea3n \u0111\u1ebfn vi\u1ec7c ch\u1ea5m d\u1ee9t v\u0129nh vi\u1ec5n quy\u1ec1n s\u1eed d\u1ee5ng d\u1ecbch v\u1ee5 t\u1ea1i <strong><a href=\"https:\/\/new88home.com\/\/\" target=\"_blank\" rel=\"noopener\">https:\/\/new88home.com\/<\/a>.<\/strong><\/span><\/p>\n<p><span style=\"font-weight: 400;\">Ch\u00fang t\u00f4i tin r\u1eb1ng, m\u1ed9t m\u00f4i tr\u01b0\u1eddng l\u00e0nh m\u1ea1nh v\u00e0 c\u00f4ng b\u1eb1ng s\u1ebd mang l\u1ea1i tr\u1ea3i nghi\u1ec7m t\u1ed1t nh\u1ea5t cho t\u1ea5t c\u1ea3 ng\u01b0\u1eddi d\u00f9ng, v\u00e0 r\u1ea5t mong nh\u1eadn \u0111\u01b0\u1ee3c s\u1ef1 h\u1ee3p t\u00e1c t\u1eeb b\u1ea1n.<\/span><\/p>\n<h2><span class=\"ez-toc-section\" id=\"dieu-khoan-dieu-kien-ve-tranh-chap-va-giai-quyet-khieu-nai\"><\/span><b>\u0110i\u1ec1u kho\u1ea3n \u0111i\u1ec1u ki\u1ec7n v\u1ec1 Tranh ch\u1ea5p v\u00e0 Gi\u1ea3i quy\u1ebft Khi\u1ebfu n\u1ea1i<\/b><span class=\"ez-toc-section-end\"><\/span><\/h2>\n<p><span style=\"font-weight: 400;\">M\u1eb7c d\u00f9 New88 lu\u00f4n n\u1ed7 l\u1ef1c cung c\u1ea5p d\u1ecbch v\u1ee5 t\u1ed1t nh\u1ea5t, nh\u01b0ng c\u00e1c b\u1ea5t \u0111\u1ed3ng v\u1eabn c\u00f3 th\u1ec3 x\u1ea3y ra. C\u00e1c <\/span><b>\u0110i\u1ec1u kho\u1ea3n \u0111i\u1ec1u ki\u1ec7n<\/b><span style=\"font-weight: 400;\"> v\u1ec1 gi\u1ea3i quy\u1ebft tranh ch\u1ea5p quy \u0111\u1ecbnh th\u1eddi gian ti\u1ebfp nh\u1eadn khi\u1ebfu n\u1ea1i trong v\u00f2ng 30 ng\u00e0y k\u1ec3 t\u1eeb khi s\u1ef1 vi\u1ec7c ph\u00e1t sinh. Nh\u00e0 c\u00e1i s\u1ebd y\u00eau c\u1ea7u cung c\u1ea5p \u0111\u1ea7y \u0111\u1ee7 b\u1eb1ng ch\u1ee9ng, th\u00f4ng tin li\u00ean quan.<\/span><\/p>\n<p><span style=\"font-weight: 400;\">M\u1ecdi khi\u1ebfu n\u1ea1i s\u1ebd \u0111\u01b0\u1ee3c xem x\u00e9t m\u1ed9t c\u00e1ch c\u00f4ng b\u1eb1ng v\u00e0 kh\u00e1ch quan d\u1ef1a tr\u00ean b\u1eb1ng ch\u1ee9ng v\u00e0 c\u00e1c quy \u0111\u1ecbnh hi\u1ec7n h\u00e0nh. Quy\u1ebft \u0111\u1ecbnh cu\u1ed1i c\u00f9ng t\u1eeb ph\u00eda New88 s\u1ebd \u0111\u01b0\u1ee3c \u0111\u01b0a ra sau khi c\u00e2n nh\u1eafc k\u1ef9 l\u01b0\u1ee1ng t\u1ea5t c\u1ea3 c\u00e1c y\u1ebfu t\u1ed1 li\u00ean quan.<\/span><\/p>\n<figure id=\"attachment_875\" aria-describedby=\"caption-attachment-875\" style=\"width: 1024px\" class=\"wp-caption aligncenter\"><img loading=\"lazy\" decoding=\"async\" class=\"wp-image-875\" title=\"Tranh ch\u1ea5p khi\u1ebfu n\u1ea1i, quy\u1ebft \u0111\u1ecbnh cu\u1ed1i c\u00f9ng thu\u1ed9c v\u1ec1 New88\" src=\"http:\/\/new88home.com\/wp-content\/uploads\/2025\/12\/tranh-chap-khieu-nai-cuoi-cung-thuoc-ve-new88.webp\" alt=\"Tranh ch\u1ea5p khi\u1ebfu n\u1ea1i, quy\u1ebft \u0111\u1ecbnh cu\u1ed1i c\u00f9ng thu\u1ed9c v\u1ec1 New88\" width=\"1024\" height=\"512\"><figcaption id=\"caption-attachment-875\" class=\"wp-caption-text\">Tranh ch\u1ea5p khi\u1ebfu n\u1ea1i, quy\u1ebft \u0111\u1ecbnh cu\u1ed1i c\u00f9ng thu\u1ed9c v\u1ec1 New88<\/figcaption><\/figure>\n<h2><span class=\"ez-toc-section\" id=\"new88-co-quyen-thay-doi-va-cap-nhat-dieu-khoan-dich-vu\"><\/span><b>New88 c\u00f3 quy\u1ec1n thay \u0111\u1ed5i v\u00e0 c\u1eadp nh\u1eadt \u0111i\u1ec1u kho\u1ea3n d\u1ecbch v\u1ee5<\/b><span class=\"ez-toc-section-end\"><\/span><\/h2>\n<p><span style=\"font-weight: 400;\">New88 c\u00f3 quy\u1ec1n \u0111i\u1ec1u ch\u1ec9nh c\u00e1c <\/span><b>\u0110i\u1ec1u kho\u1ea3n \u0111i\u1ec1u ki\u1ec7n<\/b><span style=\"font-weight: 400;\"> nh\u1eb1m c\u1ea3i thi\u1ec7n d\u1ecbch v\u1ee5 ho\u1eb7c \u0111\u00e1p \u1ee9ng c\u00e1c y\u00eau c\u1ea7u ph\u00e1p l\u00fd m\u1edbi. Khi c\u00f3 s\u1ef1 thay \u0111\u1ed5i:<\/span><\/p>\n<ul>\n<li style=\"font-weight: 400;\" aria-level=\"1\"><span style=\"font-weight: 400;\">Ng\u01b0\u1eddi d\u00f9ng s\u1ebd \u0111\u01b0\u1ee3c th\u00f4ng b\u00e1o tr\u01b0\u1edbc qua email ho\u1eb7c th\u00f4ng b\u00e1o tr\u00ean h\u1ec7 th\u1ed1ng<\/span><\/li>\n<li style=\"font-weight: 400;\" aria-level=\"1\"><span style=\"font-weight: 400;\">Th\u1eddi gian \u0111\u1ec3 ng\u01b0\u1eddi d\u00f9ng l\u00e0m quen v\u1edbi c\u00e1c \u0111i\u1ec1u kho\u1ea3n m\u1edbi<\/span><\/li>\n<li style=\"font-weight: 400;\" aria-level=\"1\"><span style=\"font-weight: 400;\">Quy\u1ec1n l\u1ef1a ch\u1ecdn ti\u1ebfp t\u1ee5c s\u1eed d\u1ee5ng d\u1ecbch v\u1ee5 ho\u1eb7c ch\u1ea5m d\u1ee9t<\/span><\/li>\n<\/ul>\n<p><span style=\"font-weight: 400;\">Vi\u1ec7c ti\u1ebfp t\u1ee5c s\u1eed d\u1ee5ng d\u1ecbch v\u1ee5 sau khi c\u00e1c thay \u0111\u1ed5i c\u00f3 hi\u1ec7u l\u1ef1c \u0111\u1ed3ng ngh\u0129a v\u1edbi vi\u1ec7c b\u1ea1n \u0111\u00e3 ch\u1ea5p nh\u1eadn c\u00e1c \u0111i\u1ec1u kho\u1ea3n m\u1edbi. Do \u0111\u00f3, ch\u00fang t\u00f4i khuy\u1ebfn kh\u00edch b\u1ea1n th\u01b0\u1eddng xuy\u00ean c\u1eadp nh\u1eadt v\u00e0 theo d\u00f5i c\u00e1c th\u00f4ng b\u00e1o t\u1eeb New88.<\/span><\/p>\n<p><span style=\"font-weight: 400;\">New88 lu\u00f4n n\u1ed7 l\u1ef1c x\u00e2y d\u1ef1ng <\/span><b>\u0110i\u1ec1u kho\u1ea3n \u0111i\u1ec1u ki\u1ec7n<\/b><span style=\"font-weight: 400;\"> m\u1ed9t c\u00e1ch c\u00e2n b\u1eb1ng nh\u1ea5t, v\u1eeba \u0111\u1ea3m b\u1ea3o quy\u1ec1n l\u1ee3i c\u1ee7a ng\u01b0\u1eddi d\u00f9ng, v\u1eeba duy tr\u00ec t\u00ednh b\u1ec1n v\u1eefng c\u1ee7a n\u1ec1n t\u1ea3ng. Ch\u00ednh v\u00ec v\u1eady, m\u1ed7i \u0111i\u1ec1u kho\u1ea3n \u0111\u1ec1u \u0111\u01b0\u1ee3c c\u00e2n nh\u1eafc k\u1ef9 l\u01b0\u1ee1ng v\u00e0 li\u00ean t\u1ee5c \u0111\u01b0\u1ee3c c\u1eadp nh\u1eadt \u0111\u1ec3 ph\u00f9 h\u1ee3p v\u1edbi t\u00ecnh h\u00ecnh th\u1ef1c t\u1ebf. Ch\u00fang t\u00f4i khuy\u1ebfn kh\u00edch b\u1ea1n \u0111\u1ecbnh k\u1ef3 xem l\u1ea1i \u0111\u1ec3 c\u1eadp nh\u1eadt nh\u1eefng thay \u0111\u1ed5i m\u1edbi nh\u1ea5t v\u00e0 \u0111\u1ea3m b\u1ea3o tr\u1ea3i nghi\u1ec7m t\u1ed1t nh\u1ea5t t\u1ea1i New88.<\/span><\/p>\n","protected":false},"excerpt":{"rendered":"<p>Khi s\u1eed d\u1ee5ng b\u1ea5t k\u1ef3 d\u1ecbch v\u1ee5 n\u00e0o, hi\u1ec3u r\u00f5 v\u1ec1 \u0110i\u1ec1u kho\u1ea3n \u0111i\u1ec1u ki\u1ec7n l\u00e0 v\u00f4 c\u00f9ng c\u1ea7n thi\u1ebft. \u0110\u00e2y l\u00e0 cam k\u1ebft gi\u1eefa ng\u01b0\u1eddi d\u00f9ng v\u00e0 New88, quy \u0111\u1ecbnh v\u1ec1 quy\u1ec1n l\u1ee3i v\u00e0 tr\u00e1ch nhi\u1ec7m c\u1ee7a c\u00e1c b\u00ean nh\u1eb1m \u0111\u1ea3m b\u1ea3o s\u1ef1 c\u00f4ng b\u1eb1ng v\u00e0 minh b\u1ea1ch trong qu\u00e1 tr\u00ecnh s\u1eed d\u1ee5ng. Th\u00f4ng [&#8230;]\n","protected":false},"author":1,"featured_media":1210,"parent":0,"menu_order":0,"comment_status":"closed","ping_status":"closed","template":"","meta":{"footnotes":""},"class_list":["post-1205","page","type-page","status-publish","has-post-thumbnail","hentry"],"_links":{"self":[{"href":"https:\/\/new88home.com\/index.php\/wp-json\/wp\/v2\/pages\/1205","targetHints":{"allow":["GET"]}}],"collection":[{"href":"https:\/\/new88home.com\/index.php\/wp-json\/wp\/v2\/pages"}],"about":[{"href":"https:\/\/new88home.com\/index.php\/wp-json\/wp\/v2\/types\/page"}],"author":[{"embeddable":true,"href":"https:\/\/new88home.com\/index.php\/wp-json\/wp\/v2\/users\/1"}],"replies":[{"embeddable":true,"href":"https:\/\/new88home.com\/index.php\/wp-json\/wp\/v2\/comments?post=1205"}],"version-history":[{"count":0,"href":"https:\/\/new88home.com\/index.php\/wp-json\/wp\/v2\/pages\/1205\/revisions"}],"wp:featuredmedia":[{"embeddable":true,"href":"https:\/\/new88home.com\/index.php\/wp-json\/wp\/v2\/media\/1210"}],"wp:attachment":[{"href":"https:\/\/new88home.com\/index.php\/wp-json\/wp\/v2\/media?parent=1205"}],"curies":[{"name":"wp","href":"https:\/\/api.w.org\/{rel}","templated":true}]}}