{"id":1236,"date":"2025-12-26T09:31:32","date_gmt":"2025-12-26T09:31:32","guid":{"rendered":"https:\/\/new88home.com\/index.php\/da-ga-new88\/"},"modified":"2025-12-26T09:31:32","modified_gmt":"2025-12-26T09:31:32","slug":"da-ga-new88","status":"publish","type":"page","link":"https:\/\/new88home.com\/index.php\/da-ga-new88\/","title":{"rendered":"\u0110\u00e1 G\u00e0 New88 \u2013 S\u00e2n ch\u01a1i c\u00e1 c\u01b0\u1ee3c uy t\u00edn, th\u1eafng l\u1edbn m\u1ed7i ng\u00e0y"},"content":{"rendered":"<p><a href=\"https:\/\/new88home.com\/\/da-ga-new88\/\" target=\"_blank\" rel=\"noopener\"><b><i>\u0110\u00e1 G\u00e0 <\/i><\/b><\/a><i><span style=\"font-weight: 400;\"> l\u00e0 m\u1ed9t trong nh\u1eefng s\u00e2n ch\u01a1i c\u00e1 c\u01b0\u1ee3c \u0111\u01b0\u1ee3c y\u00eau th\u00edch hi\u1ec7n nay. Nh\u00e0 c\u00e1i \u0111\u00e3 x\u00e2y d\u1ef1ng m\u1ed9t n\u1ec1n t\u1ea3ng <strong>\u0110\u00e1 G\u00e0<\/strong> tr\u1ef1c tuy\u1ebfn chuy\u00ean nghi\u1ec7p, minh b\u1ea1ch v\u00e0 h\u1ea5p d\u1eabn, mang \u0111\u1ebfn cho ng\u01b0\u1eddi ch\u01a1i nh\u1eefng tr\u1ea3i nghi\u1ec7m ch\u00e2n th\u1ef1c nh\u01b0 \u0111ang \u0111\u1ee9ng t\u1ea1i tr\u01b0\u1eddng l\u1edbn. B\u00e0i vi\u1ebft n\u00e0y <a href=\"https:\/\/new88home.com\/\/\" target=\"_blank\" rel=\"noopener\"><strong>new88<\/strong><\/a> s\u1ebd \u0111\u01b0a b\u1ea1n kh\u00e1m ph\u00e1 chi ti\u1ebft , t\u1eeb c\u00e1ch tham gia \u0111\u1ebfn m\u1eb9o ch\u01a1i gi\u00fap b\u1ea1n t\u1ed1i \u01b0u c\u01a1 h\u1ed9i chi\u1ebfn th\u1eafng.<\/span><\/i><\/p>\n<h2><span class=\"ez-toc-section\" id=\"gioi-thieu-tong-quan-ve-da-ga-new88\"><\/span><b>Gi\u1edbi thi\u1ec7u t\u1ed5ng quan v\u1ec1 \u0110\u00e1 G\u00e0 New88<\/b><span class=\"ez-toc-section-end\"><\/span><\/h2>\n<p><span style=\"font-weight: 400;\">New 88 l\u00e0 m\u1ed9t nh\u00e0 c\u00e1i uy t\u00edn h\u00e0ng \u0111\u1ea7u ch\u00e2u \u00c1, n\u1ed5i b\u1eadt v\u1edbi nhi\u1ec1u s\u1ea3n ph\u1ea9m c\u00e1 c\u01b0\u1ee3c nh\u01b0 th\u1ec3 thao, casino tr\u1ef1c tuy\u1ebfn, game b\u00e0i v\u00e0 \u0111\u1eb7c bi\u1ec7t l\u00e0 <strong>\u0110\u00e1 G\u00e0<\/strong> tr\u1ef1c tuy\u1ebfn. V\u1edbi c\u00f4ng ngh\u1ec7 ph\u00e1t tr\u1ef1c ti\u1ebfp chu\u1ea9n HD, \u00e2m thanh s\u1ed1ng \u0111\u1ed9ng, <\/span><b>\u0110\u00e1 G\u00e0 <\/b>New88<span style=\"font-weight: 400;\"> mang \u0111\u1ebfn cho\u00a0ng\u01b0\u1eddi ch\u01a1i tr\u1ea3i nghi\u1ec7m nh\u01b0 th\u1eadt. T\u1eeb \u0111\u00f3, gi\u00fap ng\u01b0\u1eddi ch\u01a1i theo d\u00f5i t\u1eebng pha ra \u0111\u00f2n, t\u1eebng gi\u00e2y ngh\u1eb9t th\u1edf tr\u00ean s\u00e0n \u0111\u1ea5u.<\/span><\/p>\n<figure id=\"attachment_1294\" aria-describedby=\"caption-attachment-1294\" style=\"width: 1024px\" class=\"wp-caption aligncenter\"><img loading=\"lazy\" decoding=\"async\" class=\"wp-image-1294\" title=\"da ga new88 cung cap tat ca cac tran dau hap dan tu truong dua ga quoc te\" src=\"http:\/\/new88home.com\/wp-content\/uploads\/2025\/12\/da-ga-new88-cung-cap-tat-ca-cac-tran-dau-hap-dan-tu-truong-dua-ga-quoc-te.webp\" alt=\"da ga new88 cung cap tat ca cac tran dau hap dan tu truong dua ga quoc te\" width=\"1024\" height=\"512\"><figcaption id=\"caption-attachment-1294\" class=\"wp-caption-text\">da ga new88 cung cap tat ca cac tran dau hap dan tu truong dua ga quoc te<\/figcaption><\/figure>\n<p><span style=\"font-weight: 400;\">Khi tham gia ch\u01a1i t\u1ea1i New 88, t\u1ea5t c\u1ea3 c\u00e1c tr\u1eadn \u0111\u1ea5u \u0111\u1ec1u \u0111\u01b0\u1ee3c truy\u1ec1n h\u00ecnh tr\u1ef1c ti\u1ebfp 24\/7 t\u1eeb c\u00e1c tr\u01b0\u1eddng g\u00e0 qu\u1ed1c t\u1ebf. Kh\u00f4ng nh\u1eefng v\u1eady, nh\u00e0 c\u00e1i c\u0169ng cung c\u1ea5p \u0111a d\u1ea1ng lo\u1ea1i h\u00ecnh : \u0110\u00e1 G\u00e0 Thomo, \u0110\u00e1 G\u00e0 c\u1ef1a s\u1eaft, \u0110\u00e1 G\u00e0 truy\u1ec1n th\u1ed1ng. \u0110\u1eb7c bi\u1ec7t, giao di\u1ec7n d\u1ec5 s\u1eed d\u1ee5ng, t\u1ed1c \u0111\u1ed9 load nhanh c\u00f9ng thanh to\u00e1n nhanh ch\u00f3ng, an to\u00e0n. T\u1ea5t c\u1ea3 \u0111\u00e3 mang \u0111\u1ebfn cho ng\u01b0\u1eddi ch\u01a1i \u0110\u00e1 G\u00e0 tr\u1ef1c tuy\u1ebfn c\u00f3 \u0111\u01b0\u1ee3c nh\u1eefng tr\u1ea3i nghi\u1ec7m th\u00fa v\u1ecb v\u00e0 tuy\u1ec7t v\u1eddi nh\u1ea5t.\u00a0<\/span><\/p>\n<h2><span class=\"ez-toc-section\" id=\"cac-hinh-thuc-da-ga-pho-bien-tai-new-88\"><\/span><b>C\u00e1c h\u00ecnh th\u1ee9c \u0110\u00e1 G\u00e0 ph\u1ed5 bi\u1ebfn t\u1ea1i New 88<\/b><span class=\"ez-toc-section-end\"><\/span><\/h2>\n<p><span style=\"font-weight: 400;\">V\u1edbi mong mu\u1ed1n mang \u0111\u1ebfn cho ng\u01b0\u1eddi ch\u01a1i nh\u1eefng gi\u00e2y ph\u00fat c\u01b0\u1ee3c th\u00fa v\u1ecb. Nh\u00e0 c\u00e1i \u0111\u00e3 cung c\u1ea5p nhi\u1ec1u h\u00ecnh th\u1ee9c ch\u01a1i<\/span><span style=\"font-weight: 400;\">\u00a0kh\u00e1c nhau \u0111\u1ec3 ng\u01b0\u1eddi ch\u01a1i l\u1ef1a ch\u1ecdn nh\u01b0:\u00a0<\/span><\/p>\n<h3><span class=\"ez-toc-section\" id=\"da-ga-thomo\"><\/span><b><i>\u0110\u00e1 G\u00e0 Thomo<\/i><\/b><span class=\"ez-toc-section-end\"><\/span><\/h3>\n<p><span style=\"font-weight: 400;\">Ngu\u1ed3n g\u1ed1c t\u1eeb Campuchia, <\/span><b>\u0110\u00e1 G\u00e0 <\/b>Thomo<span style=\"font-weight: 400;\"> n\u1ed5i ti\u1ebfng v\u1edbi nh\u1eefng tr\u1eadn chi\u1ebfn gay c\u1ea5n v\u00e0 kh\u1ed1c li\u1ec7t. C\u00e1c ch\u00fa g\u00e0 \u0111\u01b0\u1ee3c hu\u1ea5n luy\u1ec7n b\u00e0i b\u1ea3n, l\u1ef1c \u0111\u00e1 m\u1ea1nh v\u00e0 m\u00e1u chi\u1ebfn.<\/span><\/p>\n<h3><span class=\"ez-toc-section\" id=\"da-ga-cua-sat\"><\/span><b><i>\u0110\u00e1 G\u00e0 c\u1ef1a s\u1eaft<\/i><\/b><span class=\"ez-toc-section-end\"><\/span><\/h3>\n<p><span style=\"font-weight: 400;\">M\u1ed7i ch\u00fa g\u00e0 s\u1ebd \u0111\u01b0\u1ee3c trang b\u1ecb m\u1ed9t c\u1ef1a s\u1eaft nh\u1ecf, s\u1eafc b\u00e9n \u1edf ch\u00e2n. Tr\u1eadn \u0111\u1ea5u v\u00ec th\u1ebf c\u0169ng tr\u1edf n\u00ean k\u1ecbch t\u00ednh h\u01a1n, quy\u1ebft li\u1ec7t h\u01a1n, th\u1eddi gian di\u1ec5n ra ng\u1eafn nh\u01b0ng c\u1ef1c k\u1ef3 m\u00e3n nh\u00e3n.<\/span><\/p>\n<h3><span class=\"ez-toc-section\" id=\"da-ga-truyen-thong\"><\/span><b><i>\u0110\u00e1 G\u00e0 truy\u1ec1n th\u1ed1ng<\/i><\/b><span class=\"ez-toc-section-end\"><\/span><\/h3>\n<p><span style=\"font-weight: 400;\">Kh\u00f4ng s\u1eed d\u1ee5ng c\u1ef1a s\u1eaft, \u0110\u00e1 G\u00e0 truy\u1ec1n th\u1ed1ng \u0111\u1ec1 cao k\u1ef9 thu\u1eadt v\u00e0 s\u1ee9c b\u1ec1n. Th\u1eddi gian tr\u1eadn \u0111\u1ea5u th\u01b0\u1eddng k\u00e9o d\u00e0i, \u0111\u00f2i h\u1ecfi ng\u01b0\u1eddi ch\u01a1i ph\u1ea3i c\u00f3 s\u1ef1 ki\u00ean nh\u1eabn v\u00e0 kh\u1ea3 n\u0103ng quan s\u00e1t t\u1ed1t.<\/span><\/p>\n<figure id=\"attachment_1290\" aria-describedby=\"caption-attachment-1290\" style=\"width: 1024px\" class=\"wp-caption aligncenter\"><img loading=\"lazy\" decoding=\"async\" class=\"wp-image-1290\" title=\"nha cai cung cap da dang cac loai hinh da ga\" src=\"http:\/\/new88home.com\/wp-content\/uploads\/2025\/12\/nha-cai-cung-cap-da-dang-cac-loai-hinh-da-ga.webp\" alt=\"nha cai cung cap da dang cac loai hinh da ga\" width=\"1024\" height=\"512\"><figcaption id=\"caption-attachment-1290\" class=\"wp-caption-text\">nha cai cung cap da dang cac loai hinh da ga<\/figcaption><\/figure>\n<h2><span class=\"ez-toc-section\" id=\"huong-dan-cach-tham-gia-da-ga-new88-chi-tiet-nhat\"><\/span><b>H\u01b0\u1edbng d\u1eabn c\u00e1ch tham gia \u0110\u00e1 G\u00e0 New88 chi ti\u1ebft nh\u1ea5t<\/b><span class=\"ez-toc-section-end\"><\/span><\/h2>\n<p><span style=\"font-weight: 400;\">C\u00f3 th\u1ec3 n\u00f3i r\u1eb1ng, <\/span><b>\u0110\u00e1 G\u00e0 <\/b>New88<span style=\"font-weight: 400;\"> lu\u00f4n c\u00f3 s\u1ee9c h\u00fat l\u1edbn \u0111\u1ed1i v\u1edbi \u0111\u00f4ng \u0111\u1ea3o ng\u01b0\u1eddi ch\u01a1i tr\u1ef1c tuy\u1ebfn. N\u1ebfu nh\u01b0 b\u1ea1n mu\u1ed1n tham gia ch\u01a1i v\u00e0 tr\u1ea3i nghi\u1ec7m c\u00e1 c\u01b0\u1ee3c m\u1ed7i ng\u00e0y t\u1ea1i New 88, h\u00e3y l\u00e0m theo h\u01b0\u1edbng d\u1eabn m\u00e0 ch\u00fang t\u00f4i chia s\u1ebb d\u01b0\u1edbi \u0111\u00e2y.\u00a0<\/span><\/p>\n<h3><span class=\"ez-toc-section\" id=\"buoc-1-dang-ky-tai-khoan\"><\/span><b><i>B\u01b0\u1edbc 1: \u0110\u0103ng k\u00fd t\u00e0i kho\u1ea3n<\/i><\/b><span class=\"ez-toc-section-end\"><\/span><\/h3>\n<p><span style=\"font-weight: 400;\">Truy c\u1eadp trang ch\u1ee7 <\/span>New 88<span style=\"font-weight: 400;\">, ch\u1ecdn \u201c\u0110\u0103ng k\u00fd\u201d, \u0111i\u1ec1n \u0111\u1ea7y \u0111\u1ee7 th\u00f4ng tin: h\u1ecd t\u00ean, s\u1ed1 \u0111i\u1ec7n tho\u1ea1i, email,\u00a0 kh\u1ea9u,\u2026 Qu\u00e1 tr\u00ecnh th\u1ef1c hi\u1ec7n nhanh ch\u00f3ng, ch\u1ec9 m\u1ea5t ch\u01b0a t\u1edbi 1 ph\u00fat l\u00e0 b\u1ea1n \u0111\u00e3 c\u00f3 t\u00e0i kho\u1ea3n ri\u00eang.<\/span><\/p>\n<h3><span class=\"ez-toc-section\" id=\"buoc-2-nap-tien-vao-tai-khoan\"><\/span><b><i>B\u01b0\u1edbc 2: N\u1ea1p ti\u1ec1n v\u00e0o t\u00e0i kho\u1ea3n<\/i><\/b><span class=\"ez-toc-section-end\"><\/span><\/h3>\n<p><span style=\"font-weight: 400;\">Nh\u00e0 c\u00e1i New 88 hi\u1ec7n nay h\u1ed7 tr\u1ee3 nhi\u1ec1u ph\u01b0\u01a1ng th\u1ee9c n\u1ea1p ti\u1ec1n kh\u00e1c nhau. Ng\u01b0\u1eddi ch\u01a1i c\u00f3 th\u1ec3 th\u1ef1c hi\u1ec7n giao d\u1ecbch qua c\u00e1c h\u00ecnh th\u1ee9c sau: chuy\u1ec3n kho\u1ea3n ng\u00e2n h\u00e0ng, v\u00ed \u0111i\u1ec7n t\u1eed, m\u00e3 QR,\u2026 Th\u1eddi gian x\u1eed l\u00fd nhanh ch\u00f3ng, ch\u1ec9 t\u1eeb 1 \u2013 5 ph\u00fat l\u00e0 \u0111\u00e3 ho\u00e0n th\u00e0nh xong.\u00a0<\/span><\/p>\n<h3><span class=\"ez-toc-section\" id=\"buoc-3-truy-cap-muc-%e2%80%9cda-ga%e2%80%9d-new-88\"><\/span><b><i>B\u01b0\u1edbc 3: Truy c\u1eadp m\u1ee5c \u201c\u0110\u00e1 G\u00e0\u201d New 88<\/i><\/b><span class=\"ez-toc-section-end\"><\/span><\/h3>\n<p><span style=\"font-weight: 400;\">Ng\u01b0\u1eddi ch\u01a1i truy c\u1eadp v\u00e0o m\u1ee5c <\/span><b>\u0110\u00e1 G\u00e0 <\/b>New88<span style=\"font-weight: 400;\"> tr\u00ean thanh menu ch\u00ednh, ch\u1ecdn nh\u00e0 cung c\u1ea5p ph\u00f9 h\u1ee3p. L\u00fac n\u00e0y, b\u1ea1n s\u1ebd th\u1ea5y danh s\u00e1ch c\u00e1c tr\u1eadn \u0111\u1ea5u \u0111ang v\u00e0 s\u1eafp di\u1ec5n ra.<\/span><\/p>\n<h3><span class=\"ez-toc-section\" id=\"buoc-4-tham-gia-dat-cuoc-va-theo-doi-tran-dau-da-ga-tren-new-88\"><\/span><b><i>B\u01b0\u1edbc 4: Tham gia \u0111\u1eb7t c\u01b0\u1ee3c v\u00e0 theo d\u00f5i tr\u1eadn \u0111\u1ea5u \u0111\u00e1 g\u00e0 tr\u00ean New 88<\/i><\/b><span class=\"ez-toc-section-end\"><\/span><\/h3>\n<p><span style=\"font-weight: 400;\">Ti\u1ebfp \u0111\u00f3, b\u1ea1n h\u00e3y l\u1ef1a ch\u1ecdn g\u00e0 m\u00e0 b\u1ea3n th\u00e2n tin t\u01b0\u1edfng. Ng\u01b0\u1eddi ch\u01a1i c\u00f3 th\u1ec3 \u0111\u01b0a ra l\u1ef1a ch\u1ecdn c\u01b0\u1ee3c Meron (g\u00e0 nh\u00e0), Wala (g\u00e0 kh\u00e1ch), BDD (h\u00f2a). Sau \u0111\u00f3, h\u00e3y th\u1ef1c hi\u1ec7n nh\u1eadp s\u1ed1 ti\u1ec1n c\u01b0\u1ee3c, x\u00e1c nh\u1eadn, v\u00e0 theo d\u00f5i nh\u1eefng tr\u1eadn \u0111\u1ea5u <\/span><b>\u0110\u00e1 G\u00e0 <\/b>New88<span style=\"font-weight: 400;\"> \u0111\u1ea7y k\u1ecbch t\u00ednh. .<\/span><\/p>\n<h3><span class=\"ez-toc-section\" id=\"buoc-5-nhan-ket-qua-cua-cac-tran-da-ga\"><\/span><b><i>B\u01b0\u1edbc 5: Nh\u1eadn k\u1ebft qu\u1ea3 c\u1ee7a c\u00e1c tr\u1eadn \u0110\u00e1 G\u00e0<\/i><\/b><span class=\"ez-toc-section-end\"><\/span><\/h3>\n<p><span style=\"font-weight: 400;\">N\u1ebfu nh\u01b0 b\u1ea1n \u0111\u01b0a ra d\u1ef1 \u0111o\u00e1n k\u1ebft qu\u1ea3 ch\u00ednh x\u00e1c, ti\u1ec1n th\u01b0\u1edfng s\u1ebd chuy\u1ec3n v\u1ec1 t\u00e0i kho\u1ea3n c\u1ee7a b\u1ea1n ngay. Tr\u01b0\u1eddng h\u1ee3p d\u1ef1 \u0111o\u00e1n k\u1ebft qu\u1ea3 tr\u1eadn \u0111\u1ea5u sai, th\u00ec b\u1ea1n s\u1ebd b\u1ecb m\u1ea5t \u0111i s\u1ed1 ti\u1ec1n \u0111\u00e3 \u0111\u1eb7t c\u01b0\u1ee3c v\u00e0o tr\u1eadn \u0111\u1ea5u.\u00a0<\/span><\/p>\n<figure id=\"attachment_1291\" aria-describedby=\"caption-attachment-1291\" style=\"width: 1024px\" class=\"wp-caption aligncenter\"><img loading=\"lazy\" decoding=\"async\" class=\"wp-image-1291\" title=\"cac buoc tham gia da ga tai new88\" src=\"http:\/\/new88home.com\/wp-content\/uploads\/2025\/12\/cac-buoc-tham-gia-da-ga-tai-new88.webp\" alt=\"cac buoc tham gia da ga tai new88\" width=\"1024\" height=\"512\"><figcaption id=\"caption-attachment-1291\" class=\"wp-caption-text\">cac buoc tham gia da ga tai new88<\/figcaption><\/figure>\n<blockquote>\n<p><b style=\"font-size: 23.04px; color: #333333;\">L\u00fd do n\u00ean ch\u1ecdn \u0110\u00e1 G\u00e0 New88 \u0111\u1ec3 tham gia \u0111\u1eb7t c\u01b0\u1ee3c?<\/b><\/p>\n<\/blockquote>\n<p><b>\u0110\u00e1 G\u00e0 <\/b>New88<span style=\"font-weight: 400;\"> n\u1ed5i b\u1eadt l\u00e0 \u0111\u1ecba ch\u1ec9 uy t\u00edn v\u00e0 \u0111\u01b0\u1ee3c nhi\u1ec1u ng\u01b0\u1eddi l\u1ef1a ch\u1ecdn. D\u01b0\u1edbi \u0111\u00e2y l\u00e0 nh\u1eefng l\u00fd do khi\u1ebfn New 88 tr\u1edf th\u00e0nh l\u1ef1a ch\u1ecdn h\u00e0ng \u0111\u1ea7u cho nh\u1eefng ai \u0111am m\u00ea :<\/span><\/p>\n<h3><span class=\"ez-toc-section\" id=\"nha-cai-new-88-uy-tin-va-co-phap-ly-ro-rang-day-du\"><\/span><b><i>Nh\u00e0 c\u00e1i New 88 uy t\u00edn v\u00e0 c\u00f3 ph\u00e1p l\u00fd r\u00f5 r\u00e0ng, \u0111\u1ea7y \u0111\u1ee7<\/i><\/b><span class=\"ez-toc-section-end\"><\/span><\/h3>\n<p><span style=\"font-weight: 400;\">New 88 \u0111\u01b0\u1ee3c c\u1ea5p ph\u00e9p ho\u1ea1t \u0111\u1ed9ng h\u1ee3p ph\u00e1p b\u1edfi t\u1ed5 ch\u1ee9c qu\u1ea3n l\u00fd c\u00e1 c\u01b0\u1ee3c qu\u1ed1c t\u1ebf. Th\u1ebf n\u00ean, khi \u0111\u1eb7t c\u01b0\u1ee3c t\u1ea1i nh\u00e0 c\u00e1i s\u1ebd \u0111\u1ea3m b\u1ea3o t\u00ednh minh b\u1ea1ch, c\u00f4ng b\u1eb1ng trong m\u1ecdi giao d\u1ecbch v\u00e0 k\u1ebft qu\u1ea3 thi \u0111\u1ea5u.<\/span><\/p>\n<h3><span class=\"ez-toc-section\" id=\"giao-dien-chuyen-nghiep-truyen-hinh-truc-tiep-247\"><\/span><b><i>Giao di\u1ec7n chuy\u00ean nghi\u1ec7p, truy\u1ec1n h\u00ecnh tr\u1ef1c ti\u1ebfp 24\/7<\/i><\/b><span class=\"ez-toc-section-end\"><\/span><\/h3>\n<p><span style=\"font-weight: 400;\">S\u1ea3nh game <\/span><b>\u0110\u00e1 G\u00e0 <\/b>New88<span style=\"font-weight: 400;\"> \u0111\u01b0\u1ee3c thi\u1ebft k\u1ebf th\u00e2n thi\u1ec7n, d\u1ec5 s\u1eed d\u1ee5ng, t\u1ed1c \u0111\u1ed9 truy c\u1eadp m\u01b0\u1ee3t m\u00e0. Kh\u00f4ng nh\u1eefng v\u1eady, t\u1ea5t c\u1ea3 c\u00e1c tr\u1eadn \u0111\u1ea5u \u0111\u01b0\u1ee3c ph\u00e1t s\u00f3ng tr\u1ef1c ti\u1ebfp t\u1eeb tr\u01b0\u1eddng g\u00e0 l\u1edbn tr\u00ean th\u1ebf gi\u1edbi v\u1edbi ch\u1ea5t l\u01b0\u1ee3ng h\u00ecnh \u1ea3nh s\u1eafc n\u00e9t, \u00e2m thanh s\u1ed1ng \u0111\u1ed9ng nh\u01b0 th\u1eadt.<\/span><\/p>\n<h3><span class=\"ez-toc-section\" id=\"ty-le-cuoc-da-ga-new88-hap-dan\"><\/span><b><i>T\u1ef7 l\u1ec7 c\u01b0\u1ee3c \u0110\u00e1 G\u00e0 New88 h\u1ea5p d\u1eabn<\/i><\/b><span class=\"ez-toc-section-end\"><\/span><\/h3>\n<p><b><i><\/i><\/b><span style=\"font-weight: 400;\">M\u1ed9t trong nh\u1eefng l\u00fd do b\u1ea1n n\u00ean ch\u01a1i t\u1ea1i nh\u00e0 c\u00e1i New 88 cung c\u1ea5p t\u1ef7 l\u1ec7 c\u01b0\u1ee3c cao, linh ho\u1ea1t. Kh\u00f4ng nh\u1eefng v\u1eady, nh\u00e0 c\u00e1i c\u0169ng c\u1eadp nh\u1eadt li\u00ean t\u1ee5c theo di\u1ec5n bi\u1ebfn tr\u1eadn \u0111\u1ea5u \u0111\u1ec3 ng\u01b0\u1eddi ch\u01a1i c\u00f3 th\u1ec3 d\u1ec5 d\u00e0ng theo d\u00f5i k\u1ebft qu\u1ea3. \u0110\u1eb7c bi\u1ec7t, h\u1ec7 th\u1ed1ng n\u1ea1p, r\u00fat ti\u1ec1n ho\u1ea1t \u0111\u1ed9ng 24\/7, x\u1eed l\u00fd nhanh g\u1ecdn. T\u1eeb \u0111\u00f3, s\u1ebd gi\u00fap ng\u01b0\u1eddi ch\u01a1i d\u1ec5 d\u00e0ng ki\u1ec3m so\u00e1t t\u00e0i ch\u00ednh c\u1ee7a m\u00ecnh.\u00a0<\/span><\/p>\n<figure id=\"attachment_1292\" aria-describedby=\"caption-attachment-1292\" style=\"width: 1024px\" class=\"wp-caption aligncenter\"><img loading=\"lazy\" decoding=\"async\" class=\"wp-image-1292\" title=\"da ga new88 so huu nhieu uu diem hap dan nguoi choi\" src=\"http:\/\/new88home.com\/wp-content\/uploads\/2025\/12\/da-ga-new88-so-huu-nhieu-uu-diem-hap-dan-nguoi-choi.webp\" alt=\"da ga new88 so huu nhieu uu diem hap dan nguoi choi\" width=\"1024\" height=\"512\"><figcaption id=\"caption-attachment-1292\" class=\"wp-caption-text\">da ga new88 so huu nhieu uu diem hap dan nguoi choi<\/figcaption><\/figure>\n<h2><span class=\"ez-toc-section\" id=\"kinh-nghiem-choi-da-ga-truc-tuyen-tai-new-88\"><\/span><b>Kinh nghi\u1ec7m ch\u01a1i \u0110\u00e1 G\u00e0 tr\u1ef1c tuy\u1ebfn t\u1ea1i New 88<\/b><span class=\"ez-toc-section-end\"><\/span><\/h2>\n<p><span style=\"font-weight: 400;\">\u0110\u1ed1i v\u1edbi nh\u1eefng ng\u01b0\u1eddi ch\u01a1i m\u1edbi ch\u01b0a c\u00f3 nhi\u1ec1u kinh nghi\u1ec7m tham gia <\/span><b>\u0110\u00e1 G\u00e0 <\/b>New88<span style=\"font-weight: 400;\">, b\u1ea1n c\u00f3 th\u1ec3 \u00e1p d\u1ee5ng nh\u1eefng b\u00ed k\u00edp ch\u01a1i sau \u0111\u00e2y.\u00a0<\/span><\/p>\n<ul>\n<li style=\"font-weight: 400;\" aria-level=\"1\"><span style=\"font-weight: 400;\">Tr\u01b0\u1edbc khi \u0111\u1eb7t c\u01b0\u1ee3c, h\u00e3y quan s\u00e1t k\u1ef9 th\u00f4ng tin c\u1ee7a c\u00e1c ch\u00fa g\u00e0: gi\u1ed1ng, c\u00e2n n\u1eb7ng, th\u00e0nh t\u00edch tr\u1eadn tr\u01b0\u1edbc, phong c\u00e1ch chi\u1ebfn \u0111\u1ea5u,\u2026 \u0110\u00e2y l\u00e0 y\u1ebfu t\u1ed1 quan tr\u1ecdng gi\u00fap b\u1ea1n d\u1ef1 \u0111o\u00e1n k\u1ebft qu\u1ea3 ch\u00ednh x\u00e1c h\u01a1n.<\/span><\/li>\n<li style=\"font-weight: 400;\" aria-level=\"1\"><span style=\"font-weight: 400;\">Tham gia ch\u01a1i c\u0169ng kh\u00f4ng n\u00ean \u0111\u1eb7t to\u00e0n b\u1ed9 s\u1ed1 ti\u1ec1n v\u00e0o m\u1ed9t tr\u1eadn \u0111\u1ea5u duy nh\u1ea5t. H\u00e3y chia nh\u1ecf v\u1ed1n, ch\u01a1i nhi\u1ec1u tr\u1eadn \u0111\u1ec3 gi\u1ea3m r\u1ee7i ro.<\/span><\/li>\n<li style=\"font-weight: 400;\" aria-level=\"1\"><span style=\"font-weight: 400;\">\u0110\u1eebng v\u1ed9i \u0111\u1eb7t c\u01b0\u1ee3c qu\u00e1 s\u1edbm. H\u00e3y theo d\u00f5i ph\u1ea3n \u1ee9ng v\u00e0 phong \u0111\u1ed9 c\u1ee7a g\u00e0 trong nh\u1eefng ph\u00fat \u0111\u1ea7u \u0111\u1ec3 \u0111\u01b0a ra quy\u1ebft \u0111\u1ecbnh chu\u1ea9n x\u00e1c.<\/span><\/li>\n<li style=\"font-weight: 400;\" aria-level=\"1\"><span style=\"font-weight: 400;\">Nh\u00e0 c\u00e1i New 88 th\u01b0\u1eddng xuy\u00ean tung ra c\u00e1c ch\u01b0\u01a1ng tr\u00ecnh \u01b0u \u0111\u00e3i h\u1ea5p d\u1eabn cho ng\u01b0\u1eddi ch\u01a1i m\u1edbi v\u00e0 th\u00e0nh vi\u00ean th\u00e2n thi\u1ebft. H\u00e3y theo d\u00f5i v\u00e0 t\u1eadn d\u1ee5ng \u0111\u1ec3 t\u0103ng v\u1ed1n c\u01b0\u1ee3c cho m\u00ecnh<\/span><\/li>\n<li style=\"font-weight: 400;\" aria-level=\"1\"><span style=\"font-weight: 400;\">Ng\u01b0\u1eddi ch\u01a1i ph\u1ea3i gi\u1eef v\u1eefng t\u00e2m l\u00fd, kh\u00f4ng n\u00f3ng v\u1ed9i g\u1ee1 g\u1ea1c khi thua. Kh\u00f4ng nh\u1eefng v\u1eady, c\u0169ng kh\u00f4ng qu\u00e1 ch\u1ee7 quan khi th\u1eafng l\u1edbn.<\/span><\/li>\n<\/ul>\n<h2><span class=\"ez-toc-section\" id=\"ket-bai\"><\/span><b>K\u1ebft b\u00e0i<\/b><span class=\"ez-toc-section-end\"><\/span><\/h2>\n<p><b>\u0110\u00e1 G\u00e0 <\/b>New88<span style=\"font-weight: 400;\"> l\u00e0 m\u1ed9t trong nh\u1eefng tr\u00f2 ch\u01a1i h\u1ea5p d\u1eabn gi\u00fap b\u1ea1n c\u00f3 \u0111\u01b0\u1ee3c nh\u1eefng tr\u1ea3i nghi\u1ec7m c\u00e1 c\u01b0\u1ee3c tuy\u1ec7t v\u1eddi. Kh\u00f4ng nh\u1eefng v\u1eady, \u0111\u00e2y c\u00f2n l\u00e0 n\u01a1i gi\u00fap b\u1ea1n v\u1eeba ki\u1ebfm th\u00eam thu nh\u1eadp n\u1ebfu bi\u1ebft v\u1eadn d\u1ee5ng chi\u1ebfn thu\u1eadt v\u00e0 kinh nghi\u1ec7m h\u1ee3p l\u00fd. H\u00e3y b\u1eaft \u0111\u1ea7u h\u00e0nh tr\u00ecnh t\u1ea1i New 88 ngay h\u00f4m nay \u0111\u1ec3 c\u1ea3m nh\u1eadn s\u1ef1 kh\u00e1c bi\u1ec7t.\u00a0<\/span><\/p>\n","protected":false},"excerpt":{"rendered":"<p>\u0110\u00e1 G\u00e0 l\u00e0 m\u1ed9t trong nh\u1eefng s\u00e2n ch\u01a1i c\u00e1 c\u01b0\u1ee3c \u0111\u01b0\u1ee3c y\u00eau th\u00edch hi\u1ec7n nay. Nh\u00e0 c\u00e1i \u0111\u00e3 x\u00e2y d\u1ef1ng m\u1ed9t n\u1ec1n t\u1ea3ng \u0110\u00e1 G\u00e0 tr\u1ef1c tuy\u1ebfn chuy\u00ean nghi\u1ec7p, minh b\u1ea1ch v\u00e0 h\u1ea5p d\u1eabn, mang \u0111\u1ebfn cho ng\u01b0\u1eddi ch\u01a1i nh\u1eefng tr\u1ea3i nghi\u1ec7m ch\u00e2n th\u1ef1c nh\u01b0 \u0111ang \u0111\u1ee9ng t\u1ea1i tr\u01b0\u1eddng l\u1edbn. B\u00e0i vi\u1ebft n\u00e0y new88 s\u1ebd [&#8230;]\n","protected":false},"author":1,"featured_media":1241,"parent":0,"menu_order":0,"comment_status":"closed","ping_status":"closed","template":"","meta":{"footnotes":""},"class_list":["post-1236","page","type-page","status-publish","has-post-thumbnail","hentry"],"_links":{"self":[{"href":"https:\/\/new88home.com\/index.php\/wp-json\/wp\/v2\/pages\/1236","targetHints":{"allow":["GET"]}}],"collection":[{"href":"https:\/\/new88home.com\/index.php\/wp-json\/wp\/v2\/pages"}],"about":[{"href":"https:\/\/new88home.com\/index.php\/wp-json\/wp\/v2\/types\/page"}],"author":[{"embeddable":true,"href":"https:\/\/new88home.com\/index.php\/wp-json\/wp\/v2\/users\/1"}],"replies":[{"embeddable":true,"href":"https:\/\/new88home.com\/index.php\/wp-json\/wp\/v2\/comments?post=1236"}],"version-history":[{"count":0,"href":"https:\/\/new88home.com\/index.php\/wp-json\/wp\/v2\/pages\/1236\/revisions"}],"wp:featuredmedia":[{"embeddable":true,"href":"https:\/\/new88home.com\/index.php\/wp-json\/wp\/v2\/media\/1241"}],"wp:attachment":[{"href":"https:\/\/new88home.com\/index.php\/wp-json\/wp\/v2\/media?parent=1236"}],"curies":[{"name":"wp","href":"https:\/\/api.w.org\/{rel}","templated":true}]}}